{"id":4069,"date":"2025-04-20T20:58:37","date_gmt":"2025-04-20T18:58:37","guid":{"rendered":"https:\/\/www.srsp.it\/?post_type=product&#038;p=4069"},"modified":"2025-05-08T16:24:41","modified_gmt":"2025-05-08T14:24:41","slug":"misc79-pdf","status":"publish","type":"product","link":"https:\/\/www.srsp.it\/index.php\/prodotto\/misc79-pdf\/","title":{"rendered":"79 &#8211; Musica e cultura a Roma: intorno agli studi di Saverio Franchi in formato PDF"},"content":{"rendered":"<style type=\"text\/css\"><\/style>","protected":false},"excerpt":{"rendered":"<p>INDICE<\/p>\n<p>Biancamaria Brumana, Galliano Ciliberti, Orietta Sartori<\/p>\n<p><em>Al lettore<\/em><\/p>\n<p>Giuseppe Izzi<\/p>\n<p><em>L\u2019arcadia di Saverio Franchi fra storia, teatro e musica<\/em><\/p>\n<p><strong>Effimero barocco: teatro, opera e cantata<\/strong><\/p>\n<p>Tim Carter<\/p>\n<p><em>Monteverdi\u2019s <\/em>Arianna<em> in Rome? A bibliographical conundrum<\/em><\/p>\n<p>Elena Tamburini<\/p>\n<p><em>Su alcuni disegni di Pierre Paul Sevin e sull\u2019inaugurazione del teatro degli accademici Ardenti di Viterbo (con l\u2019<\/em>Anibale in Capua<em> nel 1671 o con l\u2019<\/em>Argia<em> nel 1668?)<\/em><\/p>\n<p>Aldo Roma<\/p>\n<p><em>Su una riscrittura del <\/em>San Bonifazio<em> di Giulio Rospigliosi. Nota storico-bibliografica ed edizione delle varianti (I-Bu, ms. 3793)<\/em><\/p>\n<p>Adriana De Feo<\/p>\n<p><em>\u00abSovra le sponde del Latino Fiume\u00bb. Le serenate del periodo romano di Domenico Scarlatti<\/em><\/p>\n<p>Margaret Murata<\/p>\n<p><em>Stage sets in tragicomedy and opera in earlier eighteenth-century rome<\/em><\/p>\n<p><strong>Il mecenatismo musicale: dinastie e famiglie<\/strong><\/p>\n<p>Biancamaria Brumana<\/p>\n<p><em>Il cantante Bartolomeo Monaci di Montalcino e l\u2019<\/em>Odoacre<em> per Francesco II d\u2019Este<\/em><\/p>\n<p>Anne-Madeleine Goulet<\/p>\n<p><em>Une lettre in\u00e9dite d\u2019Odoardo Ceccarelli. Contribution \u00e0 l\u2019histoire de la <\/em>Sant\u2019Agnese<em> (1651) au palais Aldobrandini sur le Corso<\/em><\/p>\n<p>Francesco Petrucci<\/p>\n<p><em>I Chigi e il teatro tra XVII e XVIII secolo<\/em><\/p>\n<p>Gaetano Platania<\/p>\n<p><em>Musica, teatro e politica: il soggiorno romano del polacco Alessandro Sobieski a palazzo Zuccari<\/em><\/p>\n<p><strong>Musica e politica<\/strong><\/p>\n<p>Saverio Franchi<\/p>\n<p><em>Rapporti musicali tra Roma e l\u2019Europa all\u2019epoca della guerra di successione spagnola: autori, edizioni musicali, strumenti, musica nelle chiese nazionali e presso gli ambasciatori<\/em><\/p>\n<p>Tobias C. Weissmann<\/p>\n<p><em>Uno spettacolo per gli occhi e le orecchie. Serenate e macchine effimere in piazza di Spagna nel XVII e XVIII secolo<\/em><\/p>\n<p>Galliano Ciliberti<\/p>\n<p><em>Alessandro Melani: una nuova biografia, gli oratori e la <\/em>S. Rosa di Viterbo<em> (1686)<\/em><\/p>\n<p>Paologiovanni Maione<\/p>\n<p><em>\u00abUna offerta s\u00ec tenue\u00bb per il genetliaco di Carlo di Borbone: la penna di Gaetano Roccaforte per una cantata del calendario \u2018ordinario\u2019<\/em><\/p>\n<p><strong>Artisti, letterati e poeti per musica<\/strong><\/p>\n<p>Claudio Strinati<\/p>\n<p><em>Una aggiunta all\u2019opera di Giovanni Briccio<\/em><\/p>\n<p>Maria Cristina Paciello<\/p>\n<p><em>\u00abLa Portia\u00bb e il dottor di leggi: osservazioni sulle edizioni di testi drammatici dedicati al ceto borghese romano nel XVII secolo<\/em><\/p>\n<p>Orietta Sartori<\/p>\n<p><em>Intorno a Leone Santi, gesuita e poeta, e ad una sua favola inedita, l\u2019<\/em>Aristeo<\/p>\n<p>Saverio Franchi<\/p>\n<p><em>La cultura musicale romana al tempo e nell\u2019opera di Pompeo Batoni<\/em><\/p>\n<p><strong>I cardinali e l\u2019innovazione musicale<\/strong><\/p>\n<p>Klaus Pietschmann<\/p>\n<p><em>Cardinal Alessandro Farnese\u2019s musical patronage revisited: the early years<\/em><\/p>\n<p>Jorge Morales<\/p>\n<p><em>Les cardinaux et la d\u00e9dicace des livres de musique \u00e0 Rome pendant la premi\u00e8re moiti\u00e9 du XVII<sup>e<\/sup> si\u00e8cle. Esquisse d\u2019un tableau socio-historique et culturel<\/em><\/p>\n<p>Saverio Franchi<\/p>\n<p><em>Fasti imperiali nella roma barocca. La musica al servizio della diplomazia del sacro romano impero<\/em><\/p>\n<p>Cristina Fernandes<\/p>\n<p><em>\u00abWhen in Rome, do as the Romans do\u00bb: portuguese cardinals\u2019 musical patronage and their artistic networks after the conclave of 1721<\/em><\/p>\n<p>Lucio Tufano<\/p>\n<p><em>Il cardinale Troiano Acquaviva d\u2019Aragona e la tradizione delle cantate romane per i reali di Napoli (1738-1746)<\/em><\/p>\n<p><strong>La musica sacra: produzione musicale e istituzioni<\/strong><\/p>\n<p>Noel O\u2019Regan<\/p>\n<p><em>Alessandro Pettorini, Palestrina\u2019s preferred copyist<\/em><\/p>\n<p>Thomas Neal<\/p>\n<p><em>\u00abNuper igitur elaboravi quotidianis vesperorum hymnis\u00bb: the manuscript sources and chronology of Palestrina\u2019s hymn cycle<\/em><\/p>\n<p>Daniele V. Filippi<\/p>\n<p><em>Il \u00abfigliol prodigo\u00bb all\u2019oratorio: dalle laudi al <\/em>Teatro armonico<em>, e oltre<\/em><\/p>\n<p>Lars Berglund<\/p>\n<p><em>Bread and patronage: music at Santa Maria di Loreto in Rome in the sixteenth and seventeenth centuries<\/em><\/p>\n<p><strong>Libri e librai, editoria e musica<\/strong><\/p>\n<p>Valentina Sestini<\/p>\n<p><em>Cartolari e librai a Roma alla fine del Settecento attraverso alcuni documenti di archivio<\/em><\/p>\n<p>Luciana Battagin<\/p>\n<p><em>Le edizioni musicali romane della Biblioteca nazionale Marciana 1493-1604<\/em><\/p>\n<p>Anna Nocentini<\/p>\n<p><em>Il Fondo Antico Musicale dell\u2019Accademia Musicale Chigiana di Siena. Edizioni romane e rarit\u00e0<\/em><\/p>\n<p>&nbsp;<\/p>\n<p><em>Bibliografia degli scritti di Saverio Franchi<\/em><\/p>\n<p><em>Indice dei nomi, dei luoghi e dei personaggi<\/em><\/p>\n<p style=\"text-align: justify;\">Saverio Franchi (7.11.1942-3.4.2014), gi\u00e0 professore di Storia della musica e di estetica musicale nei conservatori di Perugia e poi di S. Cecilia a Roma e docente di Organologia e di Estetica musicale presso la Facolt\u00e0 di Lettere e Filosofia dell&#8217;Universit\u00e0 degli Studi di Perugia e di Bibliografia presso la Scuola di Specializzazione in Beni Archivistici e Librari dell&#8217;Universit\u00e0 La Sapienza di Roma, ha svolto e diretto importanti ricerche su musica, teatro, editoria e societ\u00e0 nei secoli XVI-XVIII nell\u2019ambito romano e dell\u2019antico Stato della Chiesa, pubblicandone i risultati in oltre quattrocento tra libri, saggi, articoli, voci di dizionari. Nel 2002 ha vinto il premio nazionale Giacomo Lumbroso per il volume sugli antichi liutai a Roma,<em> Le botteghe d&#8217;arte e la topografia storico-urbanistica di una zona di Roma dalla fine del XVI secolo ad oggi. Edifici, botteghe, artigiani nella zona di piazza Pasquino, sede storica di liutai e librai. <\/em><\/p>\n<p style=\"text-align: justify;\">Volumi su Roma: <em>D<\/em><em>rammaturgia romana<\/em> (I vol.: <em>Repertorio bibliografico cronologico dei testi drammatici pubblicati a Roma e nel Lazio. Secolo XVII<\/em>; II vol. <em>Annali dei testi drammatici e libretti per musica pubblicati a Roma e nel Lazio dal 1701 al 1750, con introduzione sui teatri romani nel Settecento e commento storico-critico sull\u2019attivit\u00e0 teatrale e musicale romana dal 1701 al 1730<\/em>; <em>Le Impressioni Sceniche. Dizionario bio-bibliografico degli editori e stampatori romani e laziali di testi drammatici e libretti per musica dal 1579 al 1800<\/em>; vol. II, <em>Integrazioni, aggiunte, tavole, indici<\/em>; <em>Annali della stampa musicale romana dei secoli XVI-XVIII<\/em>, 4 voll.: <em>Edizioni di musica pratica<\/em> (1601-1800).<\/p>\n<p style=\"text-align: center;\">La pubblicazione \u00e8 stata realizzata<br \/>\ngrazie al contributo concesso dal Ministero della Cultura Direzione Generale Educazione, ricerca e istituti culturali.<\/p>\n<p>Miscellanea della Societ\u00e0 romana di storia patria, 79<br \/>\ndicembre 2024, pp. 811<\/p>\n<p>&nbsp;<\/p>\n","protected":false},"featured_media":4070,"template":"","meta":[],"product_cat":[26],"product_tag":[],"_links":{"self":[{"href":"https:\/\/www.srsp.it\/index.php\/wp-json\/wp\/v2\/product\/4069"}],"collection":[{"href":"https:\/\/www.srsp.it\/index.php\/wp-json\/wp\/v2\/product"}],"about":[{"href":"https:\/\/www.srsp.it\/index.php\/wp-json\/wp\/v2\/types\/product"}],"wp:featuredmedia":[{"embeddable":true,"href":"https:\/\/www.srsp.it\/index.php\/wp-json\/wp\/v2\/media\/4070"}],"wp:attachment":[{"href":"https:\/\/www.srsp.it\/index.php\/wp-json\/wp\/v2\/media?parent=4069"}],"wp:term":[{"taxonomy":"product_cat","embeddable":true,"href":"https:\/\/www.srsp.it\/index.php\/wp-json\/wp\/v2\/product_cat?post=4069"},{"taxonomy":"product_tag","embeddable":true,"href":"https:\/\/www.srsp.it\/index.php\/wp-json\/wp\/v2\/product_tag?post=4069"}],"curies":[{"name":"wp","href":"https:\/\/api.w.org\/{rel}","templated":true}]}}