{"id":3017,"date":"2023-10-22T22:10:56","date_gmt":"2023-10-22T20:10:56","guid":{"rendered":"https:\/\/www.srsp.it\/?post_type=product&#038;p=3017"},"modified":"2025-11-11T17:27:29","modified_gmt":"2025-11-11T16:27:29","slug":"misc75-14-pdf","status":"publish","type":"product","link":"https:\/\/www.srsp.it\/index.php\/prodotto\/misc75-14-pdf\/","title":{"rendered":"75.14 &#8211; Materiali ceramici medievali dall\u2019area dell\u2019Anfiteatro di Bleso a Tivoli: un\u2019analisi preliminare &#8211; in formato PDF"},"content":{"rendered":"<style type=\"text\/css\"><\/style>","protected":false},"excerpt":{"rendered":"<p style=\"text-align: left;\"><strong>Materiali ceramici medievali dall\u2019area dell\u2019Anfiteatro di Bleso a Tivoli: un\u2019analisi preliminare<\/strong><\/p>\n<p><em>Sergio Del Ferro, Laura Orlandi, Anna Romano, Carla Vaudo <\/em><\/p>\n<p style=\"text-align: justify;\"><em>\u00a0<\/em>I materiali oggetto di questo studio provengono dalle campagne di scavo succedutesi dalla met\u00e0 del Novecento allo scorso decennio nell\u2019area dell\u2019Anfiteatro di Bleso a Tivoli. L\u2019area \u00e8 nota per la presenza di sepolture ad incinerazione di et\u00e0 protostorica e arcaica, ma sar\u00e0 la costruzione dell\u2019anfiteatro adrianeo a restituire numerose testimonianze delle fasi di vita dell\u2019edificio. Nel corso del medioevo vedr\u00e0 una nuova fase edilizia, con la costruzione del castello, poi Rocca Pia. La scarsit\u00e0 di frammenti di brocche in ceramica invetriata, lascer\u00e0 il posto ad un\u2019abbondante presenza di materiali smaltati di XIII secolo d.C. Sar\u00e0 poi nel corso dei Rinascimento che il contesto vedr\u00e0 un fiorire di materiali ceramici dai colori ricchi e sgargianti e dai motivi figurati.<\/p>\n<p>&nbsp;<\/p>\n<p>Collana Miscellanea della Societ\u00e0 romana di storia patria, 75<\/p>\n<p style=\"text-align: left;\">marzo 2023, pp. 22<\/p>\n","protected":false},"featured_media":3063,"template":"","meta":[],"product_cat":[26],"product_tag":[],"_links":{"self":[{"href":"https:\/\/www.srsp.it\/index.php\/wp-json\/wp\/v2\/product\/3017"}],"collection":[{"href":"https:\/\/www.srsp.it\/index.php\/wp-json\/wp\/v2\/product"}],"about":[{"href":"https:\/\/www.srsp.it\/index.php\/wp-json\/wp\/v2\/types\/product"}],"wp:featuredmedia":[{"embeddable":true,"href":"https:\/\/www.srsp.it\/index.php\/wp-json\/wp\/v2\/media\/3063"}],"wp:attachment":[{"href":"https:\/\/www.srsp.it\/index.php\/wp-json\/wp\/v2\/media?parent=3017"}],"wp:term":[{"taxonomy":"product_cat","embeddable":true,"href":"https:\/\/www.srsp.it\/index.php\/wp-json\/wp\/v2\/product_cat?post=3017"},{"taxonomy":"product_tag","embeddable":true,"href":"https:\/\/www.srsp.it\/index.php\/wp-json\/wp\/v2\/product_tag?post=3017"}],"curies":[{"name":"wp","href":"https:\/\/api.w.org\/{rel}","templated":true}]}}