{"id":2277,"date":"2022-03-25T19:36:53","date_gmt":"2022-03-25T18:36:53","guid":{"rendered":"https:\/\/www.srsp.it\/?post_type=product&#038;p=2277"},"modified":"2022-03-31T21:58:07","modified_gmt":"2022-03-31T19:58:07","slug":"misc38","status":"publish","type":"product","link":"https:\/\/www.srsp.it\/index.php\/prodotto\/misc38\/","title":{"rendered":"38 &#8211; SS. Cosma e Damiano in Mica Aurea"},"content":{"rendered":"<style type=\"text\/css\"><\/style>","protected":false},"excerpt":{"rendered":"<p style=\"text-align: justify;\">Joan Barclay Lloyd e Karin Bull-Simonsen Einaudi<\/p>\n<p>Architettura, storia e storiografia di un monastero romano<br \/>\nSoppresso<\/p>\n<p style=\"text-align: justify;\">Il monastero del complesso dei SS. Cosma e Damiano in Mica Aurea \u00e8 oggi occupato dall\u2019ospedale Nuovo Regina Margherita. Il volume ne propone una precisa ricostruzione in base alla quale esso si rivela come un\u2019importante sintesi di storia e di architettura monastica medievale e rinascimentale, di rara omogeneit\u00e0, nonostante le tante ristrutturazioni sub\u00ecte in un millennio di utilizzo senza soluzione di continuit\u00e0.<\/p>\n<p style=\"text-align: justify;\">Una attenta indagine comparativa dei materiali d\u2019archivio (documenti storici e testimonianze iconografiche) e dei reperti archeologici venuti alla luce durante i lavori di trasformazione in ospizio alla fine dell\u2019Ottocento, \u00e8 stata correlata, da un lato, con lo studio del contesto topografico antico e tardoantico e, dall\u2019altro, con l\u2019analisi delle strutture murarie superstiti e l\u2019elaborazione di un integrale rilievo architettonico.<\/p>\n<p style=\"text-align: justify;\">Il volume \u00e8 corredato da appendici documentarie e delle tipologie murarie, da un\u2019ampia cronologia, che sintetizza tutte le tappe della storia del monastero dall\u2019altomedioevo ai giorni nostri, nonch\u00e9 da un ricco apparato illustrativo e dai rilievi del complesso architettonico appositamente realizzati.<\/p>\n<p>&nbsp;<\/p>\n<p style=\"text-align: left;\">Collana Miscellanea della Societ\u00e0 romana di storia patria, 38<\/p>\n<p style=\"text-align: left;\">maggio 1998, pp. 168, 65 ill. f.t., 4 tavv. f.t.<\/p>\n","protected":false},"featured_media":2278,"template":"","meta":[],"product_cat":[22],"product_tag":[],"_links":{"self":[{"href":"https:\/\/www.srsp.it\/index.php\/wp-json\/wp\/v2\/product\/2277"}],"collection":[{"href":"https:\/\/www.srsp.it\/index.php\/wp-json\/wp\/v2\/product"}],"about":[{"href":"https:\/\/www.srsp.it\/index.php\/wp-json\/wp\/v2\/types\/product"}],"wp:featuredmedia":[{"embeddable":true,"href":"https:\/\/www.srsp.it\/index.php\/wp-json\/wp\/v2\/media\/2278"}],"wp:attachment":[{"href":"https:\/\/www.srsp.it\/index.php\/wp-json\/wp\/v2\/media?parent=2277"}],"wp:term":[{"taxonomy":"product_cat","embeddable":true,"href":"https:\/\/www.srsp.it\/index.php\/wp-json\/wp\/v2\/product_cat?post=2277"},{"taxonomy":"product_tag","embeddable":true,"href":"https:\/\/www.srsp.it\/index.php\/wp-json\/wp\/v2\/product_tag?post=2277"}],"curies":[{"name":"wp","href":"https:\/\/api.w.org\/{rel}","templated":true}]}}