{"id":2232,"date":"2022-03-24T19:54:31","date_gmt":"2022-03-24T18:54:31","guid":{"rendered":"https:\/\/www.srsp.it\/?post_type=product&#038;p=2232"},"modified":"2022-03-31T22:02:13","modified_gmt":"2022-03-31T20:02:13","slug":"misc59","status":"publish","type":"product","link":"https:\/\/www.srsp.it\/index.php\/prodotto\/misc59\/","title":{"rendered":"59 &#8211; Affinch\u00e9 nessuna persona onesta rimanga pi\u00f9 soverchiata"},"content":{"rendered":"<style type=\"text\/css\"><\/style>","protected":false},"excerpt":{"rendered":"<p>Alessandro Nironi Ferraroni<\/p>\n<p style=\"text-align: justify;\">L\u2019amministrazione della giustizia nella Repubblica Romana (1798-1799)<\/p>\n<p style=\"text-align: justify;\">Se \u00e8 vero che la Rivoluzione francese, anche quella esportata e quella romana, fu &#8220;una rivoluzione del diritto, per il diritto e attraverso il diritto&#8221;, quale miglior angolo prospettico da cui porsi nello studio della Repubblica romana giacobina (1798-1799) che quello del suo ordinamento giudiziario e dell&#8217;idea feconda di &#8220;un&#8217;altra giustizia&#8221; da cui lo stesso prese vita?<\/p>\n<p style=\"text-align: justify;\">Politicit\u00e0 del diritto penale, umanit\u00e0 delle pene, interminabile lunghezza dei processi, farraginosit\u00e0 delle leggi e arbitrio dei giudici, grandi aspettative riformiste spesso frustrate dalla fragilit\u00e0 del nuovo ordinamento istituzionale: temi e problematiche sempre attuali che, sullo sfondo del sovvertimento di un ordine millenario, videro impegnati i rivoluzionari romani intimamente pervasi dall&#8217;idea della funzione salvifica &#8211; ed al tempo stesso sommamente rigeneratrice dell&#8217;uomo &#8211; del diritto e del ruolo, a tal fine imprescindibile, svolto dagli organi che lo stesso erano (e sono) chiamati quotidianamente ad applicare.<\/p>\n<p style=\"text-align: center;\">IL VOLUME \u00c8 STATO REALIZZATO GRAZIE AL CONTRIBUTO DEL MINISTERO DEI BENI E DELLE ATTIVIT\u00c0 CULTURALI E DEL TURISMO<br \/>\nDIREZIONE GENERALE BIBLIOTECHE E ISTITUTI CULTURALI<\/p>\n<p style=\"text-align: left;\">Collana Miscellanea della Societ\u00e0 romana di storia patria, 59<\/p>\n<p style=\"text-align: left;\">luglio 2013, pp. XVI, 192, 1 ill.<\/p>\n","protected":false},"featured_media":2233,"template":"","meta":[],"product_cat":[22],"product_tag":[],"_links":{"self":[{"href":"https:\/\/www.srsp.it\/index.php\/wp-json\/wp\/v2\/product\/2232"}],"collection":[{"href":"https:\/\/www.srsp.it\/index.php\/wp-json\/wp\/v2\/product"}],"about":[{"href":"https:\/\/www.srsp.it\/index.php\/wp-json\/wp\/v2\/types\/product"}],"wp:featuredmedia":[{"embeddable":true,"href":"https:\/\/www.srsp.it\/index.php\/wp-json\/wp\/v2\/media\/2233"}],"wp:attachment":[{"href":"https:\/\/www.srsp.it\/index.php\/wp-json\/wp\/v2\/media?parent=2232"}],"wp:term":[{"taxonomy":"product_cat","embeddable":true,"href":"https:\/\/www.srsp.it\/index.php\/wp-json\/wp\/v2\/product_cat?post=2232"},{"taxonomy":"product_tag","embeddable":true,"href":"https:\/\/www.srsp.it\/index.php\/wp-json\/wp\/v2\/product_tag?post=2232"}],"curies":[{"name":"wp","href":"https:\/\/api.w.org\/{rel}","templated":true}]}}