{"id":523,"date":"2018-05-26T17:46:38","date_gmt":"2018-05-26T15:46:38","guid":{"rendered":"http:\/\/www.srsp.it\/?page_id=523"},"modified":"2021-12-06T20:40:59","modified_gmt":"2021-12-06T19:40:59","slug":"miscellanea-69","status":"publish","type":"page","link":"https:\/\/www.srsp.it\/index.php\/miscellanea-69\/","title":{"rendered":"Miscellanea 69"},"content":{"rendered":"<style type=\"text\/css\"> \n#cmsms_row_69f2b65363106 .cmsms_row_outer_parent { \n\tpadding-top: 0px; \n} \n\n#cmsms_row_69f2b65363106 .cmsms_row_outer_parent { \n\tpadding-bottom: 0px; \n} \n\n \n#cmsms_row_69f2b65363815 .cmsms_row_outer_parent { \n\tpadding-top: 0px; \n} \n\n#cmsms_row_69f2b65363815 .cmsms_row_outer_parent { \n\tpadding-bottom: 50px; \n} \n\n<\/style><div id=\"cmsms_row_69f2b65363106\" class=\"cmsms_row cmsms_color_scheme_default\">\n<div class=\"cmsms_row_outer_parent\">\n<div class=\"cmsms_row_outer\">\n<div class=\"cmsms_row_inner\">\n<div class=\"cmsms_row_margin\">\n<div class=\"cmsms_column two_third\" data-animation=\"fadeIn\" data-delay=\"100\">\n<div class=\"aligncenter\">\n<div class=\"cmsms_img  cmsms_image_c with_caption\" data-animation=\"fadeIn\" data-delay=\"100\">\n<a href=\"http:\/\/www.srsp.it\/wp-content\/uploads\/2018\/05\/Misc69-1-e1527583122192.jpg\"><img src=\"https:\/\/www.srsp.it\/wp-content\/uploads\/2018\/05\/Misc69-1-e1527583122192.jpg\" alt=\" Miscellanea 69\" \/><\/a>\n<p class=\"cmsms_img_caption\">Miscellanea 69<\/p><\/div>\n<\/div>\n<\/div>\n<div class=\"cmsms_column one_third\">\n<div class=\"cmsms_text\">\n<p><span style=\"color: #800000;\">Ettore Di Meo<br \/>\n<strong>Il Campidoglio fuori Roma<br \/>\n<\/strong>I Podest\u00e0 di Cori, feudo del Popolo romano,<br \/>\nda Urbano V a Clemente VIII (1362-1605)<strong><br \/>\n<\/strong><\/span><\/p>\n<p>Collana Miscellanea della Societ\u00e0 romana di storia patria, 69<br \/>\naprile 2018, pp.\u00a0 258<br \/>\n<strong> \u20ac 32,00<\/strong><\/p>\n<p><span style=\"color: #800000;\">ISBN 9788897808565 <\/span><\/p>\n<p><a href=\"http:\/\/www.srsp.it\/wp-content\/uploads\/2018\/05\/Miscellanea69.pdf\" target=\"_blank\">Click per la scheda in formato pdf<\/a><\/p>\n<\/div>\n<\/div>\n<\/div>\n<\/div>\n<\/div>\n<\/div>\n<\/div>\n<div id=\"cmsms_row_69f2b65363815\" class=\"cmsms_row cmsms_color_scheme_default\">\n<div class=\"cmsms_row_outer_parent\">\n<div class=\"cmsms_row_outer\">\n<div class=\"cmsms_row_inner\">\n<div class=\"cmsms_row_margin\">\n<div class=\"cmsms_column one_first\" data-animation=\"bounceInUp\" data-delay=\"200\">\n<div class=\"cmsms_text\" data-animation=\"fadeInDown\" data-delay=\"50\">\n<hr \/>\n<p style=\"text-align: justify;\"><span style=\"color: #800000;\">Obiettivo di questo lavoro, sintesi tra dati i noti e le risultanze di una ricerca condotta sulla documentazione proveniente da diversi archivi, \u00e8 stato il tentativo di ricostruire le vicende storiche di esponenti del patriziato romano che hanno ricoperto la carica di podest\u00e0 a Cori &#8211; una delle comunit\u00e0 soggette al Campidoglio &#8211; nell\u2019arco cronologico 1362-1605. Partendo dallo studio dei temi fondamentali di riferimento, come le funzioni, le qualit\u00e0 e le capacit\u00e0 dei podest\u00e0, i criteri di scelta, gli atti di nomina, grazie alla cospicua documentazione esaminata \u00e8 stato anche possibile conoscere diversi aspetti, minuti ma non meno interessanti, della loro vita a Cori, come, ad esempio, la cerimonia di arrivo, la loro residenza, le relazioni che avevano con la realt\u00e0 cittadina, gli aspetti amministrativi che richiedevano la loro attenzione. Il volume \u00e8 completato dalla relativa cronotassi.<br \/>\n<\/span><\/p>\n<\/div>\n<\/div>\n<\/div>\n<\/div>\n<\/div>\n<\/div>\n<\/div>\n\n","protected":false},"excerpt":{"rendered":"","protected":false},"author":1,"featured_media":0,"parent":0,"menu_order":0,"comment_status":"closed","ping_status":"closed","template":"","meta":[],"_links":{"self":[{"href":"https:\/\/www.srsp.it\/index.php\/wp-json\/wp\/v2\/pages\/523"}],"collection":[{"href":"https:\/\/www.srsp.it\/index.php\/wp-json\/wp\/v2\/pages"}],"about":[{"href":"https:\/\/www.srsp.it\/index.php\/wp-json\/wp\/v2\/types\/page"}],"author":[{"embeddable":true,"href":"https:\/\/www.srsp.it\/index.php\/wp-json\/wp\/v2\/users\/1"}],"replies":[{"embeddable":true,"href":"https:\/\/www.srsp.it\/index.php\/wp-json\/wp\/v2\/comments?post=523"}],"version-history":[{"count":6,"href":"https:\/\/www.srsp.it\/index.php\/wp-json\/wp\/v2\/pages\/523\/revisions"}],"predecessor-version":[{"id":1694,"href":"https:\/\/www.srsp.it\/index.php\/wp-json\/wp\/v2\/pages\/523\/revisions\/1694"}],"wp:attachment":[{"href":"https:\/\/www.srsp.it\/index.php\/wp-json\/wp\/v2\/media?parent=523"}],"curies":[{"name":"wp","href":"https:\/\/api.w.org\/{rel}","templated":true}]}}