{"id":475,"date":"2017-09-07T23:20:47","date_gmt":"2017-09-07T21:20:47","guid":{"rendered":"http:\/\/www.srsp.it\/?page_id=475"},"modified":"2021-12-06T20:40:09","modified_gmt":"2021-12-06T19:40:09","slug":"miscellanea-67","status":"publish","type":"page","link":"https:\/\/www.srsp.it\/index.php\/miscellanea-67\/","title":{"rendered":"Miscellanea 67"},"content":{"rendered":"<style type=\"text\/css\"> \n#cmsms_row_69f2bb5bbce0e .cmsms_row_outer_parent { \n\tpadding-top: 0px; \n} \n\n#cmsms_row_69f2bb5bbce0e .cmsms_row_outer_parent { \n\tpadding-bottom: 0px; \n} \n\n \n#cmsms_row_69f2bb5bbd505 .cmsms_row_outer_parent { \n\tpadding-top: 0px; \n} \n\n#cmsms_row_69f2bb5bbd505 .cmsms_row_outer_parent { \n\tpadding-bottom: 50px; \n} \n\n<\/style><div id=\"cmsms_row_69f2bb5bbce0e\" class=\"cmsms_row cmsms_color_scheme_default\">\n<div class=\"cmsms_row_outer_parent\">\n<div class=\"cmsms_row_outer\">\n<div class=\"cmsms_row_inner\">\n<div class=\"cmsms_row_margin\">\n<div class=\"cmsms_column two_third\" data-animation=\"fadeIn\" data-delay=\"100\">\n<div class=\"aligncenter\">\n<div class=\"cmsms_img  cmsms_image_c with_caption\" data-animation=\"fadeIn\" data-delay=\"100\">\n<img src=\"https:\/\/www.srsp.it\/wp-content\/uploads\/2017\/09\/Misc67.jpg\" alt=\" Miscellanea 67\" \/>\n<p class=\"cmsms_img_caption\">Miscellanea 67<\/p><\/div>\n<\/div>\n<\/div>\n<div class=\"cmsms_column one_third\">\n<div class=\"cmsms_text\">\n<p><span style=\"color: #800000;\">I fascicoli documentari di Raniero Gatti capitano del popolo di Viterbo<br \/>\n<\/span><\/p>\n<p><span style=\"color: #800000;\">a cura di Arianna Cervi<\/span><\/p>\n<p><span style=\"color: #800000;\">Collana Miscellanea della Societ\u00e0 romana di storia patria, 67<br \/>\nmaggio 2017, pp. lxxx, 247<br \/>\n<strong> \u20ac 32,00<\/strong><\/span><\/p>\n<p><span style=\"color: #800000;\">ISBN 9788897808497 <\/span><\/p>\n<p><a href=\"http:\/\/www.srsp.it\/wp-content\/uploads\/2017\/09\/Miscellanea67.pdf\" target=\"_blank\">Click per la scheda in formato pdf<\/a><\/p>\n<\/div>\n<\/div>\n<\/div>\n<\/div>\n<\/div>\n<\/div>\n<\/div>\n<div id=\"cmsms_row_69f2bb5bbd505\" class=\"cmsms_row cmsms_color_scheme_default\">\n<div class=\"cmsms_row_outer_parent\">\n<div class=\"cmsms_row_outer\">\n<div class=\"cmsms_row_inner\">\n<div class=\"cmsms_row_margin\">\n<div class=\"cmsms_column one_first\" data-animation=\"bounceInUp\" data-delay=\"200\">\n<div class=\"cmsms_text\" data-animation=\"fadeInDown\" data-delay=\"50\">\n<hr \/>\n<p style=\"text-align: justify;\"><span style=\"color: #800000;\">Il volume contiene l\u2019edizione critica di cinque fascicoli documentari redatti a pi\u00f9 riprese tra il 1258 e il 1266 su esplicito mandato di Raniero Gatti, capitano del Popolo del comune di Viterbo. Tali fascicoli, editi qui per la prima volta, occupano le prime sessantasei carte del primo volumi-noso codice delle ben note Margherite viterbesi, nonostante al tempo della loro compilazione fos-sero del tutto privi di una legatura e quindi autonomi rispetto ai cartulari comunali o ad altri pro-dotti documentari coevi.<br \/>\nAll\u2019edizione \u00e8 premessa un\u2019introduzione storico-diplomatistica, che indaga gli aspetti codicologi-ci e redazionali dei fascicoli editi, le peculiarit\u00e0 formali e contenutistiche che li distinguono da al-tri quaterni contemporanei e infine le motivazioni che furono alla base della loro redazione. Nel vasto e variegato panorama della documentazione comunale viterbese questi fascicoli sono i soli ad essere stati appositamente ed autonomamente predisposti dall\u2019officium capitanei senza che vi fosse alcun intervento direttivo da parte del podest\u00e0 del Comune. A ci\u00f2 si aggiunga anche che Raniero Gatti, promotore di questa particolare operazione documentaria, era una figura di indub-bio rilievo e di grande risonanza nello scenario istituzionale di Viterbo, tanto da ricoprire la carica di capitano del Popolo per ben tre volte tra il sesto e il settimo decennio del XIII secolo e da ac-quisire un grande e duraturo potere politico, ad un tempo personale e popolare.<br \/>\nI fascicoli editi costituiscono dunque un punto di osservazione privilegiato per approfondire le tematiche storiche legate al consolidamento del Popolo in seno al Comune, all\u2019uso strumentale della documentazione comunale da parte della compagine politica popolare e infine al ruolo cata-lizzatore che in tali processi pu\u00f2 aver avuto un magistrato dalla forte personalit\u00e0 e dalle grandi capacit\u00e0, quale era appunto Raniero Gatti.<\/span><\/p>\n<p style=\"text-align: center;\"><span style=\"color: #800000;\">IL VOLUME \u00c8 STATO REALIZZATO GRAZIE AL CONTRIBUTO<br \/>\nDEL MINISTERO DEI BENI E DELLE ATTIVIT\u00c0 CULTURALI E DEL TURISMO<br \/>\nDIREZIONE GENERALE BIBLIOTECHE E ISTITUTI CULTURALI<br \/>\n<\/span><\/p>\n<\/div>\n<\/div>\n<\/div>\n<\/div>\n<\/div>\n<\/div>\n<\/div>\n\n","protected":false},"excerpt":{"rendered":"","protected":false},"author":1,"featured_media":0,"parent":0,"menu_order":0,"comment_status":"closed","ping_status":"closed","template":"","meta":[],"_links":{"self":[{"href":"https:\/\/www.srsp.it\/index.php\/wp-json\/wp\/v2\/pages\/475"}],"collection":[{"href":"https:\/\/www.srsp.it\/index.php\/wp-json\/wp\/v2\/pages"}],"about":[{"href":"https:\/\/www.srsp.it\/index.php\/wp-json\/wp\/v2\/types\/page"}],"author":[{"embeddable":true,"href":"https:\/\/www.srsp.it\/index.php\/wp-json\/wp\/v2\/users\/1"}],"replies":[{"embeddable":true,"href":"https:\/\/www.srsp.it\/index.php\/wp-json\/wp\/v2\/comments?post=475"}],"version-history":[{"count":4,"href":"https:\/\/www.srsp.it\/index.php\/wp-json\/wp\/v2\/pages\/475\/revisions"}],"predecessor-version":[{"id":1696,"href":"https:\/\/www.srsp.it\/index.php\/wp-json\/wp\/v2\/pages\/475\/revisions\/1696"}],"wp:attachment":[{"href":"https:\/\/www.srsp.it\/index.php\/wp-json\/wp\/v2\/media?parent=475"}],"curies":[{"name":"wp","href":"https:\/\/api.w.org\/{rel}","templated":true}]}}

<style type="text/css"> 
#cmsms_row_69f2bb5bbce0e .cmsms_row_outer_parent { 
	padding-top: 0px; 
} 

#cmsms_row_69f2bb5bbce0e .cmsms_row_outer_parent { 
	padding-bottom: 0px; 
} 

 
#cmsms_row_69f2bb5bbd505 .cmsms_row_outer_parent { 
	padding-top: 0px; 
} 

#cmsms_row_69f2bb5bbd505 .cmsms_row_outer_parent { 
	padding-bottom: 50px; 
} 

</style><div id="cmsms_row_69f2bb5bbce0e" class="cmsms_row cmsms_color_scheme_default">
<div class="cmsms_row_outer_parent">
<div class="cmsms_row_outer">
<div class="cmsms_row_inner">
<div class="cmsms_row_margin">
<div class="cmsms_column two_third" data-animation="fadeIn" data-delay="100">
<div class="aligncenter">
<div class="cmsms_img  cmsms_image_c with_caption" data-animation="fadeIn" data-delay="100">
<img src="https://www.srsp.it/wp-content/uploads/2017/09/Misc67.jpg" alt=" Miscellanea 67" />
<p class="cmsms_img_caption">Miscellanea 67</p></div>
</div>
</div>
<div class="cmsms_column one_third">
<div class="cmsms_text">
<p><span style="color: #800000;">I fascicoli documentari di Raniero Gatti capitano del popolo di Viterbo<br />
</span></p>
<p><span style="color: #800000;">a cura di Arianna Cervi</span></p>
<p><span style="color: #800000;">Collana Miscellanea della Società romana di storia patria, 67<br />
maggio 2017, pp. lxxx, 247<br />
<strong> € 32,00</strong></span></p>
<p><span style="color: #800000;">ISBN 9788897808497 </span></p>
<p><a href="http://www.srsp.it/wp-content/uploads/2017/09/Miscellanea67.pdf" target="_blank">Click per la scheda in formato pdf</a></p>
</div>
</div>
</div>
</div>
</div>
</div>
</div>
<div id="cmsms_row_69f2bb5bbd505" class="cmsms_row cmsms_color_scheme_default">
<div class="cmsms_row_outer_parent">
<div class="cmsms_row_outer">
<div class="cmsms_row_inner">
<div class="cmsms_row_margin">
<div class="cmsms_column one_first" data-animation="bounceInUp" data-delay="200">
<div class="cmsms_text" data-animation="fadeInDown" data-delay="50">
<hr />
<p style="text-align: justify;"><span style="color: #800000;">Il volume contiene l’edizione critica di cinque fascicoli documentari redatti a più riprese tra il 1258 e il 1266 su esplicito mandato di Raniero Gatti, capitano del Popolo del comune di Viterbo. Tali fascicoli, editi qui per la prima volta, occupano le prime sessantasei carte del primo volumi-noso codice delle ben note Margherite viterbesi, nonostante al tempo della loro compilazione fos-sero del tutto privi di una legatura e quindi autonomi rispetto ai cartulari comunali o ad altri pro-dotti documentari coevi.<br />
All’edizione è premessa un’introduzione storico-diplomatistica, che indaga gli aspetti codicologi-ci e redazionali dei fascicoli editi, le peculiarità formali e contenutistiche che li distinguono da al-tri quaterni contemporanei e infine le motivazioni che furono alla base della loro redazione. Nel vasto e variegato panorama della documentazione comunale viterbese questi fascicoli sono i soli ad essere stati appositamente ed autonomamente predisposti dall’officium capitanei senza che vi fosse alcun intervento direttivo da parte del podestà del Comune. A ciò si aggiunga anche che Raniero Gatti, promotore di questa particolare operazione documentaria, era una figura di indub-bio rilievo e di grande risonanza nello scenario istituzionale di Viterbo, tanto da ricoprire la carica di capitano del Popolo per ben tre volte tra il sesto e il settimo decennio del XIII secolo e da ac-quisire un grande e duraturo potere politico, ad un tempo personale e popolare.<br />
I fascicoli editi costituiscono dunque un punto di osservazione privilegiato per approfondire le tematiche storiche legate al consolidamento del Popolo in seno al Comune, all’uso strumentale della documentazione comunale da parte della compagine politica popolare e infine al ruolo cata-lizzatore che in tali processi può aver avuto un magistrato dalla forte personalità e dalle grandi capacità, quale era appunto Raniero Gatti.</span></p>
<p style="text-align: center;"><span style="color: #800000;">IL VOLUME È STATO REALIZZATO GRAZIE AL CONTRIBUTO<br />
DEL MINISTERO DEI BENI E DELLE ATTIVITÀ CULTURALI E DEL TURISMO<br />
DIREZIONE GENERALE BIBLIOTECHE E ISTITUTI CULTURALI<br />
</span></p>
</div>
</div>
</div>
</div>
</div>
</div>
</div>
