{"id":30,"date":"2016-04-05T17:03:09","date_gmt":"2016-04-05T15:03:09","guid":{"rendered":"http:\/\/www.srsp.it\/?page_id=30"},"modified":"2026-01-24T09:20:15","modified_gmt":"2026-01-24T08:20:15","slug":"soci","status":"publish","type":"page","link":"https:\/\/www.srsp.it\/index.php\/soci\/","title":{"rendered":"I Soci"},"content":{"rendered":"<style type=\"text\/css\"> \n#cmsms_row_69e2607b17ce0 .cmsms_row_outer_parent { \n\tpadding-top: 0px; \n} \n\n#cmsms_row_69e2607b17ce0 .cmsms_row_outer_parent { \n\tpadding-bottom: 50px; \n} \n\n<\/style><div id=\"cmsms_row_69e2607b17ce0\" class=\"cmsms_row cmsms_color_scheme_default\">\n<div class=\"cmsms_row_outer_parent\">\n<div class=\"cmsms_row_outer\">\n<div class=\"cmsms_row_inner\">\n<div class=\"cmsms_row_margin\">\n<div class=\"cmsms_column one_half\">\n<div class=\"cmsms_text\" data-animation=\"fadeInUp\" data-delay=\"100\">\n<p><span style=\"color: #993300;\"><strong>Soci Effettivi<\/strong><\/span><\/p>\n<table style=\"border-collapse: collapse; border-color: transparent;\" border=\"0\" width=\"100%\" cellspacing=\"0\">\n<tbody>\n<tr>\n<td width=\"50%\"><span style=\"color: #ffffff;\">&#8211;<\/span><br \/>\nAlessandra ACCONCI<br \/>\n<span style=\"color: #ffffff;\">&#8211;<\/span><br \/>\nIvana AIT<br \/>\n<span style=\"color: #ffffff;\">&#8211;<\/span><br \/>\nAdriano AMENDOLA<br \/>\n<span style=\"color: #ffffff;\">&#8211;<\/span><br \/>\nSerena AMMIRATI<br \/>\n<span style=\"color: #ffffff;\">&#8211;<\/span><br \/>\nOrsolina AMORE<br \/>\n<span style=\"color: #ffffff;\">&#8211;<\/span><br \/>\nValter ANGELELLI<br \/>\n<span style=\"color: #ffffff;\">&#8211;<\/span><br \/>\nGiorgia Maria ANNOSCIA<br \/>\n<span style=\"color: #ffffff;\">&#8211;<\/span><br \/>\nEbe ANTETOMASO<br \/>\n<span style=\"color: #ffffff;\">&#8211;<\/span><br \/>\nDavid ARMANDO<br \/>\n<span style=\"color: #ffffff;\">&#8211;<\/span><br \/>\nDaniele ARRU<br \/>\n<span style=\"color: #ffffff;\">&#8211;<\/span><br \/>\nIrene BALDRIGA<br \/>\n<span style=\"color: #ffffff;\">&#8211;<\/span><br \/>\nAntonella BALLARDINI<br \/>\n<span style=\"color: #ffffff;\">&#8211;<\/span><br \/>\nLia BARELLI<br \/>\n<span style=\"color: #ffffff;\">&#8211;<\/span><br \/>\nAlberto BARTOLA<br \/>\n<span style=\"color: #ffffff;\">&#8211;<\/span><br \/>\nCarla BENOCCI<br \/>\n<span style=\"color: #ffffff;\">&#8211;<\/span><br \/>\nValeria BEOLCHINI<br \/>\n<span style=\"color: #ffffff;\">&#8211;<\/span><br \/>\nAntonio BERARDOZZI<br \/>\n<span style=\"color: #ffffff;\">&#8211;<\/span><br \/>\nRossella BIANCHI<br \/>\n<span style=\"color: #ffffff;\">&#8211;<\/span><br \/>\nLaura BIANCINI<br \/>\n<span style=\"color: #ffffff;\">&#8211;<\/span><br \/>\nAlberto BIANCO<br \/>\n<span style=\"color: #ffffff;\">&#8211;<\/span><br \/>\nDaniele BIANCONI<br \/>\n<span style=\"color: #ffffff;\">&#8211;<\/span><br \/>\nMartine BOITEUX<br \/>\n<span style=\"color: #ffffff;\">&#8211;<\/span><br \/>\nClaudia BOLGIA<br \/>\n<span style=\"color: #ffffff;\">&#8211;<\/span><br \/>\nBruno BONOMO<br \/>\n<span style=\"color: #ffffff;\">&#8211;<\/span><br \/>\nGiulia BORDI<br \/>\n<span style=\"color: #ffffff;\">&#8211;<\/span><br \/>\nBenedetta BORELLO<br \/>\n<span style=\"color: #ffffff;\">&#8211;<\/span><br \/>\nFran\u00e7ois BOUGARD<br \/>\n<span style=\"color: #ffffff;\">&#8211;<\/span><br \/>\nGiampiero BRUNELLI<br \/>\n<span style=\"color: #ffffff;\">&#8211;<\/span><br \/>\nEmiliano BULTRINI<br \/>\n<span style=\"color: #ffffff;\">&#8211;<\/span><br \/>\nMaria Teresa CACIORGNA<br \/>\n<span style=\"color: #ffffff;\">&#8211;<\/span><br \/>\nMarina CAFFIERO<br \/>\n<span style=\"color: #ffffff;\">&#8211;<\/span><br \/>\nElisabetta CALDELLI<br \/>\n<span style=\"color: #ffffff;\">&#8211;<\/span><br \/>\nTommaso CALIO\u2019<br \/>\n<span style=\"color: #ffffff;\">&#8211;<\/span><br \/>\nAlberta CAMPITELLI<br \/>\n<span style=\"color: #ffffff;\">&#8211;<\/span><br \/>\nClaudio CANONICI<br \/>\n<span style=\"color: #ffffff;\">&#8211;<\/span><br \/>\nFlavia CANTATORE<br \/>\n<span style=\"color: #ffffff;\">&#8211;<\/span><br \/>\nLorenzo CANTATORE<br \/>\n<span style=\"color: #ffffff;\">&#8211;<\/span><br \/>\nGiovanna CAPITELLI<br \/>\n<span style=\"color: #ffffff;\">&#8211;<\/span><br \/>\nLidia CAPO<br \/>\n<span style=\"color: #ffffff;\">&#8211;<\/span><br \/>\nEster CAPUZZO<br \/>\n<span style=\"color: #ffffff;\">&#8211;<\/span><br \/>\nCristina CARBONETTI<br \/>\n<span style=\"color: #ffffff;\">&#8211;<\/span><br \/>\nLuca CARBONI<br \/>\n<span style=\"color: #ffffff;\">&#8211;<\/span><br \/>\nNicoletta CARDANO<br \/>\n<span style=\"color: #ffffff;\">&#8211;<\/span><br \/>\nSandro CAROCCI<br \/>\n<span style=\"color: #ffffff;\">&#8211;<\/span><br \/>\nMassimo CATTANEO<br \/>\n<span style=\"color: #ffffff;\">&#8211;<\/span><br \/>\nGiulia CERIANI SEBREGONDI<br \/>\n<span style=\"color: #ffffff;\">&#8211;<\/span><br \/>\nClaudio CERRETI<br \/>\n<span style=\"color: #ffffff;\">&#8211;<\/span><br \/>\nClemente CIAMMARUCONI<br \/>\n<span style=\"color: #ffffff;\">&#8211;<\/span><br \/>\nMarco CIOCCHETTI<br \/>\n<span style=\"color: #ffffff;\">&#8211;<\/span><br \/>\nEmma CONDELLO<br \/>\n<span style=\"color: #ffffff;\">&#8211;<\/span><br \/>\nAlfio CORTONESI<br \/>\n<span style=\"color: #ffffff;\">&#8211;<\/span><br \/>\nRita COSMA<br \/>\n<span style=\"color: #ffffff;\">&#8211;<\/span><br \/>\nGiuseppe CRIMI<br \/>\n<span style=\"color: #ffffff;\">&#8211;<\/span><br \/>\nFrancesca CURTI<br \/>\n<span style=\"color: #ffffff;\">&#8211;<\/span><br \/>\nGaetano CURZI<br \/>\n<span style=\"color: #ffffff;\">&#8211;<\/span><br \/>\nAnna Maria D\u2019ACHILLE<br \/>\n<span style=\"color: #ffffff;\">&#8211;<\/span><br \/>\nPaolo D\u2019ACHILLE<br \/>\n<span style=\"color: #ffffff;\">&#8211;<\/span><br \/>\nSerena DAINOTTO<br \/>\n<span style=\"color: #ffffff;\">&#8211;<\/span><br \/>\nMaria Grazia D\u2019AMELIO<br \/>\n<span style=\"color: #ffffff;\">&#8211;<\/span><br \/>\nMax Victor DAVID<br \/>\n<span style=\"color: #ffffff;\">&#8211;<\/span><br \/>\nVincenzo DE CAPRIO<br \/>\n<span style=\"color: #ffffff;\">&#8211;<\/span><br \/>\nDaniela DE FRANCESCO<br \/>\n<span style=\"color: #ffffff;\">&#8211;<\/span><br \/>\nAttilio DE LUCA<br \/>\n<span style=\"color: #ffffff;\">&#8211;<\/span><br \/>\nStefano DEL LUNGO<br \/>\n<span style=\"color: #ffffff;\">&#8211;<\/span><br \/>\nPaolo DELOGU<br \/>\n<span style=\"color: #ffffff;\">&#8211;<\/span><br \/>\nTommaso di CARPEGNA FALCONIERI<br \/>\n<span style=\"color: #ffffff;\">&#8211;<\/span><br \/>\nEttore DI MEO<br \/>\n<span style=\"color: #ffffff;\">&#8211;<\/span><br \/>\nAlfredo DI NAPOLI<br \/>\n<span style=\"color: #ffffff;\">&#8211;<\/span><br \/>\nSerena DI NEPI<br \/>\n<span style=\"color: #ffffff;\">&#8211;<\/span><br \/>\nMaria Rosa DI SIMONE<br \/>\n<span style=\"color: #ffffff;\">&#8211;<\/span><br \/>\nMichele DI SIVO<br \/>\n<span style=\"color: #ffffff;\">&#8211;<\/span><br \/>\nAndrea Gianluca DONATI<br \/>\n<span style=\"color: #ffffff;\">&#8211;<\/span><br \/>\nAnna ESPOSITO<br \/>\n<span style=\"color: #ffffff;\">&#8211;<\/span><br \/>\nDaniela ESPOSITO<br \/>\n<span style=\"color: #ffffff;\">&#8211;<\/span><br \/>\nMarco FABBRI<br \/>\n<span style=\"color: #ffffff;\">&#8211;<\/span><br \/>\nAndrea FARA<br \/>\n<span style=\"color: #ffffff;\">&#8211;<\/span><br \/>\nFederica FAVINO<br \/>\n<span style=\"color: #ffffff;\">&#8211;<\/span><br \/>\nGiovan Battista FIDANZA<br \/>\n<span style=\"color: #ffffff;\">&#8211;<\/span><br \/>\nVincenzo FIOCCHI NICOLAI<br \/>\n<span style=\"color: #ffffff;\">&#8211;<\/span><br \/>\nCaterina FIORANI<br \/>\n<span style=\"color: #ffffff;\">&#8211;<\/span><br \/>\nIlaria FIUMI SERMATTEI<br \/>\n<span style=\"color: #ffffff;\">&#8211;<\/span><br \/>\nMarina FORMICA<br \/>\n<span style=\"color: #ffffff;\">&#8211;<\/span><br \/>\nIrene FOSI<br \/>\n<span style=\"color: #ffffff;\">&#8211;<\/span><br \/>\nDalma FRASCARELLI<br \/>\n<span style=\"color: #ffffff;\">&#8211;<\/span><br \/>\nCarla FROVA<br \/>\n<span style=\"color: #ffffff;\">&#8211;<\/span><br \/>\nFrancesco GANDOLFO<br \/>\n<span style=\"color: #ffffff;\">&#8211;<\/span><br \/>\nAlexis GAUVAIN<br \/>\n<span style=\"color: #ffffff;\">&#8211;<\/span><br \/>\nMassimiliano GHILARDI<br \/>\n<span style=\"color: #ffffff;\">&#8211;<\/span><br \/>\nTeresa M. GIALDRONI<br \/>\n<span style=\"color: #ffffff;\">&#8211;<\/span><br \/>\nLaura GIGLI<br \/>\n<span style=\"color: #ffffff;\">&#8211;<\/span><br \/>\nMaria Teresa GIGLIOZZI<br \/>\n<span style=\"color: #ffffff;\">&#8211;<\/span><br \/>\nGioacchino GIAMMARIA<br \/>\n<span style=\"color: #ffffff;\">&#8211;<\/span><br \/>\nManuela GIANANDREA<\/td>\n<td width=\"50%\"><span style=\"color: #ffffff;\">&#8211;<\/span><br \/>\nMassimo Carlo GIANNINI<br \/>\n<span style=\"color: #ffffff;\">&#8211;<\/span><br \/>\nAnne-Madeleine GOULET<br \/>\n<span style=\"color: #ffffff;\">&#8211;<\/span><br \/>\nMarco GUARDO<br \/>\n<span style=\"color: #ffffff;\">&#8211;<\/span><br \/>\nSergio GUARINO<br \/>\n<span style=\"color: #ffffff;\">&#8211;<\/span><br \/>\nMaria Barbara GUERRIERI BORSOI<br \/>\n<span style=\"color: #ffffff;\">&#8211;<\/span><br \/>\nPaola GUERRINI<br \/>\n<span style=\"color: #ffffff;\">&#8211;<\/span><br \/>\nAlessandra GUIGLIA<br \/>\n<span style=\"color: #ffffff;\">&#8211;<\/span><br \/>\nIngo HERKLOTZ<br \/>\n<span style=\"color: #ffffff;\">&#8211;<\/span><br \/>\nAntonio IACOBINI<br \/>\n<span style=\"color: #ffffff;\">&#8211;<\/span><br \/>\nDario INTERNULLO<br \/>\n<span style=\"color: #ffffff;\">&#8211;<\/span><br \/>\nTullia IORI<br \/>\n<span style=\"color: #ffffff;\">&#8211;<\/span><br \/>\nCarmine IUOZZO<br \/>\n<span style=\"color: #ffffff;\">&#8211;<\/span><br \/>\nLutz KLINKHAMMER<br \/>\n<span style=\"color: #ffffff;\">&#8211;<\/span><br \/>\nLaura LALLI<br \/>\n<span style=\"color: #ffffff;\">&#8211;<\/span><br \/>\nAngela LANCONELLI<br \/>\n<span style=\"color: #ffffff;\">&#8211;<\/span><br \/>\nKeti LELO<br \/>\n<span style=\"color: #ffffff;\">&#8211;<\/span><br \/>\nMauro LENZI<br \/>\n<span style=\"color: #ffffff;\">&#8211;<\/span><br \/>\nDaniele LOMBARDI<br \/>\n<span style=\"color: #ffffff;\">&#8211;<\/span><br \/>\nUmberto LONGO<br \/>\n<span style=\"color: #ffffff;\">&#8211;<\/span><br \/>\nChiara LUCREZIO MONTICELLI<br \/>\n<span style=\"color: #ffffff;\">&#8211;<\/span><br \/>\nSilvia MADDALO<br \/>\n<span style=\"color: #ffffff;\">&#8211;<\/span><br \/>\nMarco MAIORINO<br \/>\n<span style=\"color: #ffffff;\">&#8211;<\/span><br \/>\nJean-Claude MAIRE VIGUEUR<br \/>\n<span style=\"color: #ffffff;\">&#8211;<\/span><br \/>\nMaria Letizia MANCINELLI<br \/>\n<span style=\"color: #ffffff;\">&#8211;<\/span><br \/>\nGianluca MANDATORI<br \/>\n<span style=\"color: #ffffff;\">&#8211;<\/span><br \/>\nAntonio MANFREDI<br \/>\n<span style=\"color: #ffffff;\">&#8211;<\/span><br \/>\nFrancesca MANZARI<br \/>\n<span style=\"color: #ffffff;\">&#8211;<\/span><br \/>\nFederico MARAZZI<br \/>\n<span style=\"color: #ffffff;\">&#8211;<\/span><br \/>\nLuca MAZZEI<br \/>\n<span style=\"color: #ffffff;\">&#8211;<\/span><br \/>\nCecilia MAZZETTI DI PIETRALATA<br \/>\n<span style=\"color: #ffffff;\">&#8211;<\/span><br \/>\nCristiano MENGARELLI<br \/>\n<span style=\"color: #ffffff;\">&#8211;<\/span><br \/>\nMaria Cristina MISITI<br \/>\n<span style=\"color: #ffffff;\">&#8211;<\/span><br \/>\nAlessandra MOLINARI<br \/>\n<span style=\"color: #ffffff;\">&#8211;<\/span><br \/>\nGiuseppe MONSAGRATI<br \/>\n<span style=\"color: #ffffff;\">&#8211;<\/span><br \/>\nElisabetta MORI<br \/>\n<span style=\"color: #ffffff;\">&#8211;<\/span><br \/>\nLetizia NORCI CAGIANO<br \/>\n<span style=\"color: #ffffff;\">&#8211;<\/span><br \/>\nSandro NOTARI<br \/>\n<span style=\"color: #ffffff;\">&#8211;<\/span><br \/>\nValentino PACE<br \/>\n<span style=\"color: #ffffff;\">&#8211;<\/span><br \/>\nLuciano PALERMO<br \/>\n<span style=\"color: #ffffff;\">&#8211;<\/span><br \/>\nAgostino PARAVICINI BAGLIANI<br \/>\n<span style=\"color: #ffffff;\">&#8211;<\/span><br \/>\nEnrico PARLATO<br \/>\n<span style=\"color: #ffffff;\">&#8211;<\/span><br \/>\nSusanna PASSIGLI<br \/>\n<span style=\"color: #ffffff;\">&#8211;<\/span><br \/>\nPaola PAVAN<br \/>\n<span style=\"color: #ffffff;\">&#8211;<\/span><br \/>\nAlison PERCHUK<br \/>\n<span style=\"color: #ffffff;\">&#8211;<\/span><br \/>\nGiovanni PESIRI<br \/>\n<span style=\"color: #ffffff;\">&#8211;<\/span><br \/>\nLidia PICCIONI<br \/>\n<span style=\"color: #ffffff;\">&#8211;<\/span><br \/>\nFabio PIERANGELI<br \/>\n<span style=\"color: #ffffff;\">&#8211;<\/span><br \/>\nEleonora PLEBANI<br \/>\n<span style=\"color: #ffffff;\">&#8211;<\/span><br \/>\nLuca POLIDORO<br \/>\n<span style=\"color: #ffffff;\">&#8211;<\/span><br \/>\nEva PONZI<br \/>\n<span style=\"color: #ffffff;\">&#8211;<\/span><br \/>\nSimonetta PROSPERI VALENTI RODIN\u00d2<br \/>\n<span style=\"color: #ffffff;\">&#8211;<\/span><br \/>\nMaria Antonietta QUESADA<br \/>\n<span style=\"color: #ffffff;\">&#8211;<\/span><br \/>\nSimone RAPONI<br \/>\n<span style=\"color: #ffffff;\">&#8211;<\/span><br \/>\nRoberto REGOLI<br \/>\n<span style=\"color: #ffffff;\">&#8211;<\/span><br \/>\nAndres REHBERG<br \/>\n<span style=\"color: #ffffff;\">&#8211;<\/span><br \/>\nAngelo RESTAINO<br \/>\n<span style=\"color: #ffffff;\">&#8211;<\/span><br \/>\nDomenico ROCCIOLO<br \/>\n<span style=\"color: #ffffff;\">&#8211;<\/span><br \/>\nAntonio RODIN\u00d2 DI MIGLIONE<br \/>\n<span style=\"color: #ffffff;\">&#8211;<\/span><br \/>\nSerena ROMANO<br \/>\n<span style=\"color: #ffffff;\">&#8211;<\/span><br \/>\nRocco RONZANI<br \/>\n<span style=\"color: #ffffff;\">&#8211;<\/span><br \/>\nLucia ROSA GUALDO<br \/>\n<span style=\"color: #ffffff;\">&#8211;<\/span><br \/>\nAdriano RUGGERI<br \/>\n<span style=\"color: #ffffff;\">&#8211;<\/span><br \/>\nFernando SALSANO<br \/>\n<span style=\"color: #ffffff;\">&#8211;<\/span><br \/>\nIsabella SALVAGNI<br \/>\n<span style=\"color: #ffffff;\">&#8211;<\/span><br \/>\nRiccardo SANTANGELI VALENZANI<br \/>\n<span style=\"color: #ffffff;\">&#8211;<\/span><br \/>\nAlessandro SERRA<br \/>\n<span style=\"color: #ffffff;\">&#8211;<\/span><br \/>\nMarco SETTI<br \/>\n<span style=\"color: #ffffff;\">&#8211;<\/span><br \/>\nMaddalena SIGNORINI<br \/>\n<span style=\"color: #ffffff;\">&#8211;<\/span><br \/>\nPasquale SMIRAGLIA<br \/>\n<span style=\"color: #ffffff;\">&#8211;<\/span><br \/>\nFrancesca Romana STABILE<br \/>\n<span style=\"color: #ffffff;\">&#8211;<\/span><br \/>\nFrancesca Romana STASOLLA<br \/>\n<span style=\"color: #ffffff;\">&#8211;<\/span><br \/>\nMirko STOCCHI<br \/>\n<span style=\"color: #ffffff;\">&#8211;<\/span><br \/>\nDonatella STRANGIO<br \/>\n<span style=\"color: #ffffff;\">&#8211;<\/span><br \/>\nDonato TAMBL\u00c9<br \/>\n<span style=\"color: #ffffff;\">&#8211;<\/span><br \/>\nElena TAMBURINI<br \/>\n<span style=\"color: #ffffff;\">&#8211;<\/span><br \/>\nMarcello TEODONIO<br \/>\n<span style=\"color: #ffffff;\">&#8211;<\/span><br \/>\nAlessandro TOMEI<br \/>\n<span style=\"color: #ffffff;\">&#8211;<\/span><br \/>\nPatrizia TOSINI<br \/>\n<span style=\"color: #ffffff;\">&#8211;<\/span><br \/>\nCarlo TRAVAGLINI<br \/>\n<span style=\"color: #ffffff;\">&#8211;<\/span><br \/>\nGloria TRAVERSARI<br \/>\n<span style=\"color: #ffffff;\">&#8211;<\/span><br \/>\nFran\u00e7ois Charles UGINET<br \/>\n<span style=\"color: #ffffff;\">&#8211;<\/span><br \/>\nMariele VALCI<br \/>\n<span style=\"color: #ffffff;\">&#8211;<\/span><br \/>\nIefke VAN KAMPEN<br \/>\n<span style=\"color: #ffffff;\">&#8211;<\/span><br \/>\nMarco VENDITTELLI<br \/>\n<span style=\"color: #ffffff;\">&#8211;<\/span><br \/>\nGianni VENDITTI<br \/>\n<span style=\"color: #ffffff;\">&#8211;<\/span><br \/>\nAndrea VERARDI<br \/>\n<span style=\"color: #ffffff;\">&#8211;<\/span><br \/>\nOrietta VERDI<br \/>\n<span style=\"color: #ffffff;\">&#8211;<\/span><br \/>\nPaolo VIAN<br \/>\n<span style=\"color: #ffffff;\">&#8211;<\/span><br \/>\nGuglielmo VILLA<br \/>\n<span style=\"color: #ffffff;\">&#8211;<\/span><br \/>\nMaria Antonietta VISCEGLIA<br \/>\n<span style=\"color: #ffffff;\">&#8211;<\/span><br \/>\nLila Elizabeth YAWN<br \/>\n<span style=\"color: #ffffff;\">&#8211;<\/span><br \/>\nPietro ZANDER<\/td>\n<\/tr>\n<\/tbody>\n<\/table>\n<p><span style=\"color: #993300;\"><strong>Soci Onorari<\/strong><\/span><\/p>\n<table style=\"border-collapse: collapse; border-color: transparent;\" border=\"0\" width=\"100%\" cellspacing=\"0\">\n<tbody>\n<tr>\n<td width=\"50%\">Mario CARAVALE<\/td>\n<td width=\"50%\">Arnold ESCH<\/td>\n<\/tr>\n<\/tbody>\n<\/table>\n<\/div>\n<\/div>\n<div class=\"cmsms_column one_half\">\n<div class=\"cmsms_text\" data-animation=\"fadeInDown\" data-delay=\"100\">\n<p><span style=\"color: #993300;\"><strong>Soci Corrispondenti \u00abpro tempore\u00bb<\/strong><\/span><\/p>\n<p><span style=\"color: #993300;\">Il Direttore\u00a0<\/span> della Biblioteca Vallicelliana<\/p>\n<p><span style=\"color: #993300;\">I Direttori\/Presidenti<\/span> dei seguenti Istituti aventi sede a Roma:<\/p>\n<p>Accademia Nazionale dei Lincei<br \/>\nGiunta Centrale per gli Studi Storici<br \/>\nIstituto Italiano di Numismatica<br \/>\nIstituto Italiano per la Storia Antica<br \/>\nIstituto Nazionale di Archeologia e Storia dell\u2019Arte<br \/>\nIstituto Nazionale di Studi Romani Onlus<br \/>\nIstituto per la Storia del Risorgimento Italiano e Museo Centrale del Risorgimento<br \/>\nIstituto Storico Italiano per il Medio Evo<br \/>\nIstituto Storico Italiano per l\u2019Et\u00e0 Moderna e Contemporanea<\/p>\n<p><span style=\"color: #993300;\">I Direttori\/Presidenti<\/span> degli Istituti storici fondati in Roma da Governi esteri:<\/p>\n<p>Istituto Storico Austriaco presso l\u2019Istituto Austriaco di Cultura in Roma<br \/>\nAcademia Belgica<br \/>\nPontificia Accademia Romana di Archeologia<br \/>\nPontificio Istituto di Archeologia Cristiana<br \/>\nDet Danske Institut for Videnskab og Kunst i Rom<br \/>\nInstitutum Romanum Finlandiae<br \/>\nAcad\u00e9mie de France \u00e0 Rome<br \/>\n\u00c9cole fran\u00e7aise de Rome<br \/>\nBibliotheca Hertziana Max-Planck-Institut f\u00fcr Kunstgeschichte<br \/>\nDeutsches Archaeologisches Institut Rom<br \/>\nAccademia Tedesca Roma Villa Massimo<br \/>\nDeutsches Historisches Institut in Rom<br \/>\nR\u00f6misches Institut der G\u00f6rres-Gesellschaft<br \/>\nThe British School at Rome<br \/>\nDet Norske Institutt i Roma<br \/>\nKoninklijk Nederlands Instituutte Rome<br \/>\nPolska Akademia Nauk Stacja Naukowa w Rzymie<br \/>\n\u010cesk\u00fd Historick\u00fd \u00dastav v \u0158\u00edm\u011b<br \/>\nIstituto Storico Slovacco di Roma<br \/>\nAccademia di Romania in Roma<br \/>\nEscuela Espa\u00f1ola de Historia y Arqueolog\u00eda en Roma<br \/>\nReal Academia de Espa\u00f1a en Roma<br \/>\nAmerican Academy in Rome<br \/>\nSvenska Institutet I Rom<br \/>\nIstituto Svizzero di Roma<br \/>\nIstituto Storico \u201cFrakn\u00f3i\u201d presso l\u2019Accademia d\u2019Ungheria in Roma<\/p>\n<p><span style=\"color: #993300;\"><strong>Presidenti della Societ\u00e0 dalla fondazione<\/strong><\/span><br \/>\n(click sul nominativo per visualizzare le informazioni)<br \/>\n<a href=\"https:\/\/it.wikipedia.org\/wiki\/Costantino_Corvisieri\" target=\"_blank\" rel=\"noopener\">Costantino Corvisieri 1876-1881<\/a><br \/>\n<a href=\"https:\/\/it.wikipedia.org\/wiki\/Giuseppe_Cugnoni\" target=\"_blank\" rel=\"noopener\">Giuseppe Cugnoni 1881-1883<\/a><br \/>\n<a href=\"https:\/\/it.wikipedia.org\/wiki\/Oreste_Tommasini\" target=\"_blank\" rel=\"noopener\">Oreste Tommasini 1883-1891<\/a><br \/>\n<a href=\"https:\/\/it.wikipedia.org\/wiki\/Ugo_Balzani\" target=\"_blank\" rel=\"noopener\">Ugo Balzani 1891-1895<\/a><br \/>\n<a href=\"https:\/\/it.wikipedia.org\/wiki\/Oreste_Tommasini\" target=\"_blank\" rel=\"noopener\">Oreste Tommasini 1895-1897<\/a><br \/>\n<a href=\"https:\/\/it.wikipedia.org\/wiki\/Ugo_Balzani\" target=\"_blank\" rel=\"noopener\">Ugo Balzani 1897-1907<\/a><br \/>\n<a href=\"https:\/\/it.wikipedia.org\/wiki\/Carlo_Calisse\" target=\"_blank\" rel=\"noopener\">Carlo Calisse 1907-1935<\/a><br \/>\n<a href=\"https:\/\/it.wikipedia.org\/wiki\/Pietro_Fedele\" target=\"_blank\" rel=\"noopener\">Pietro Fedele 1935-1943<\/a><br \/>\n<a href=\"https:\/\/it.wikipedia.org\/wiki\/Vincenzo_Federici\" target=\"_blank\" rel=\"noopener\">Vincenzo Federici 1943-1954<\/a><br \/>\n<a href=\"https:\/\/www.treccani.it\/enciclopedia\/emilio-re\/\" target=\"_blank\" rel=\"noopener\">Emilio Re 1954-1962<\/a><br \/>\n<a href=\"https:\/\/www.treccani.it\/enciclopedia\/ottorino-bertolini_%28Dizionario-Biografico%29\/\" target=\"_blank\" rel=\"noopener\">Ottorino Bertolini 1962-1975<\/a><br \/>\n<a href=\"https:\/\/it.wikipedia.org\/wiki\/Giulio_Battelli\" target=\"_blank\" rel=\"noopener\">Giulio Battelli 1975-1984<\/a><br \/>\n<a href=\"https:\/\/it.wikipedia.org\/wiki\/Alessandro_Pratesi\" target=\"_blank\" rel=\"noopener\">Alessandro Pratesi 1984-1990<\/a><br \/>\n<a href=\"https:\/\/www.cisam.org\/letizia-ermini-pani-biografia\/\" target=\"_blank\" rel=\"noopener\">Letizia Ermini Pani 1991-2017<\/a><br \/>\n<a href=\"http:\/\/www.gruppodeiromanisti.it\/wp-content\/uploads\/2014\/10\/PAVAN-copia.pdf\" target=\"_blank\" rel=\"noopener\">Paola Pavan 2018-2020<\/a><br \/>\n<a href=\"http:\/\/www.tommasodicarpegna.it\" target=\"_blank\" rel=\"noopener\">Tommaso di Carpegna Falconieri 2021-<\/a><\/p>\n<\/div>\n<\/div>\n<\/div>\n<\/div>\n<\/div>\n<\/div>\n<\/div>\n<div id=\"cmsms_row_69e2607b18e6a\" class=\"cmsms_row cmsms_color_scheme_default\">\n<div class=\"cmsms_row_outer_parent\">\n<div class=\"cmsms_row_outer\">\n<div class=\"cmsms_row_inner\">\n<div class=\"cmsms_row_margin\">\n<div class=\"cmsms_column one_first\">\n<div class=\"cmsms_text\">\n<h3 style=\"text-align: center;\">La Societ\u00e0 romana di storia patria \u00e8 membro dell&#8217;<a href=\"https:\/\/www.unioneinternazionale.it\/\" target=\"_blank\" rel=\"noopener\">Unione internazionale degli istituti di archeologia, storia e storia dell&#8217;arte in Roma<\/a><\/h3>\n<\/div>\n<\/div>\n<\/div>\n<\/div>\n<\/div>\n<\/div>\n<\/div>\n\n","protected":false},"excerpt":{"rendered":"","protected":false},"author":1,"featured_media":0,"parent":0,"menu_order":0,"comment_status":"closed","ping_status":"closed","template":"","meta":[],"_links":{"self":[{"href":"https:\/\/www.srsp.it\/index.php\/wp-json\/wp\/v2\/pages\/30"}],"collection":[{"href":"https:\/\/www.srsp.it\/index.php\/wp-json\/wp\/v2\/pages"}],"about":[{"href":"https:\/\/www.srsp.it\/index.php\/wp-json\/wp\/v2\/types\/page"}],"author":[{"embeddable":true,"href":"https:\/\/www.srsp.it\/index.php\/wp-json\/wp\/v2\/users\/1"}],"replies":[{"embeddable":true,"href":"https:\/\/www.srsp.it\/index.php\/wp-json\/wp\/v2\/comments?post=30"}],"version-history":[{"count":64,"href":"https:\/\/www.srsp.it\/index.php\/wp-json\/wp\/v2\/pages\/30\/revisions"}],"predecessor-version":[{"id":4332,"href":"https:\/\/www.srsp.it\/index.php\/wp-json\/wp\/v2\/pages\/30\/revisions\/4332"}],"wp:attachment":[{"href":"https:\/\/www.srsp.it\/index.php\/wp-json\/wp\/v2\/media?parent=30"}],"curies":[{"name":"wp","href":"https:\/\/api.w.org\/{rel}","templated":true}]}}