{"id":2899,"date":"2023-05-10T10:44:05","date_gmt":"2023-05-10T08:44:05","guid":{"rendered":"https:\/\/www.srsp.it\/?page_id=2899"},"modified":"2025-10-03T19:08:37","modified_gmt":"2025-10-03T17:08:37","slug":"fototeca-pierretoubert","status":"publish","type":"page","link":"https:\/\/www.srsp.it\/index.php\/fototeca-pierretoubert\/","title":{"rendered":"Fototeca Pierre Toubert"},"content":{"rendered":"<style type=\"text\/css\"> \n#cmsms_divider_69d5d9b3b5988 { \n\tpadding-top:50px; \n\tmargin-bottom:50px; \n} \n \n#cmsms_row_69d5d9b3b59d0 .cmsms_row_outer_parent { \n\tpadding-top: 0px; \n} \n\n#cmsms_row_69d5d9b3b59d0 .cmsms_row_outer_parent { \n\tpadding-bottom: 50px; \n} \n\n\n#cmsms_button_69d5d9b3b5b2c { \n\ttext-align:center; \n} \n\n#cmsms_button_69d5d9b3b5b2c a:before { \n\tmargin-right:.5em; \n\tmargin-left:0; \n\tvertical-align:baseline; \n} \n\n#cmsms_button_69d5d9b3b5b2c a { \n\tfont-family:'Roboto'; \n\tfont-size:12px; \n\tfont-weight:400; \n\tfont-style:normal; \n\tpadding-right:20px; \n\tpadding-left:20px; \n} \n\n#cmsms_button_69d5d9b3b5bc0 { \n\ttext-align:center; \n} \n\n#cmsms_button_69d5d9b3b5bc0 a:before { \n\tmargin-right:.5em; \n\tmargin-left:0; \n\tvertical-align:baseline; \n} \n\n#cmsms_button_69d5d9b3b5bc0 a { \n\tfont-family:'Roboto'; \n\tfont-size:10px; \n\tfont-weight:400; \n\tfont-style:normal; \n\tpadding-right:20px; \n\tpadding-left:20px; \n} \n\n#cmsms_button_69d5d9b3b5c3a { \n\ttext-align:center; \n} \n\n#cmsms_button_69d5d9b3b5c3a a:before { \n\tmargin-right:.5em; \n\tmargin-left:0; \n\tvertical-align:baseline; \n} \n\n#cmsms_button_69d5d9b3b5c3a a { \n\tfont-family:'Roboto'; \n\tfont-size:11px; \n\tfont-weight:400; \n\tfont-style:normal; \n\tpadding-right:20px; \n\tpadding-left:20px; \n} \n<\/style><div id=\"cmsms_row_69d5d9b3b56ee\" class=\"cmsms_row cmsms_color_scheme_default\">\n<div class=\"cmsms_row_outer_parent\">\n<div class=\"cmsms_row_outer\">\n<div class=\"cmsms_row_inner\">\n<div class=\"cmsms_row_margin\">\n<div class=\"cmsms_column one_first\">\n<div class=\"cmsms_text\" data-animation=\"fadeInRight\" data-delay=\"100\">\n<h5><\/h5>\n<p style=\"text-align: center;\"><span style=\"font-size: 12pt;\"><span style=\"color: #800000;\">Digitalizzazione dei documenti della \u00abFototeca Pierre Toubert\u00bb<\/span><\/span><\/p>\n<p style=\"text-align: justify;\"><span style=\"font-size: 10pt;\">La Societ\u00e0 romana conserva oltre 6.600 riproduzioni fotografiche di documenti medievali, conservati negli archivi comunali di Alatri, Casperia (oggi Aspra in Sabina), Rieti e Roccantica, in quelli capitolari di Alatri, Rieti e Veroli, nonch\u00e9 in quello delle clarisse di Borgo San Pietro, del monastero di S. Scolastica di Subiaco e della certosa di Trisulti.<\/span><\/p>\n<p style=\"text-align: justify;\"><span style=\"font-size: 10pt;\">La fototeca fu donata alcuni decenni or sono alla Societ\u00e0 romana di storia patria dall\u2019illustre storico francese e socio Pierre Toubert, il quale aveva raccolto questo ingente materiale per i suoi studi sul Lazio medievale, confluiti nell\u2019opera Les structures du Latium M\u00e9di\u00e9val pubblicata nel 1973.<\/span><\/p>\n<p style=\"text-align: justify;\"><span style=\"font-size: 10pt;\">La raccolta \u00e8 sempre stata a disposizione degli studiosi, ma recentemente il Consiglio Direttivo e i Soci della Societ\u00e0 romana di storia patria hanno deciso di aumentare la sua fruibilit\u00e0 con la progressiva digitalizzazione di tale patrimonio fotografico per renderlo liberamente consultabile attraverso il sito web della Societ\u00e0.<br \/>\n<\/span><\/p>\n<p style=\"text-align: center;\"><span style=\"font-size: 10pt;\">Il progetto \u00e8 stato realizzato grazie al contributo della Direzione Generale<br \/>\nEducazione, ricerca e istituti culturali<br \/>\n<\/span><\/p>\n<p style=\"text-align: center;\"><img class=\"aligncenter size-medium wp-image-1666\" src=\"https:\/\/www.srsp.it\/wp-content\/uploads\/2023\/05\/LogoMic.png\" alt=\"\" width=\"400\" \/><\/p>\n<\/div>\n<div id=\"cmsms_divider_69d5d9b3b5988\" class=\"cmsms_divider solid\"><\/div>\n<\/div>\n<\/div>\n<\/div>\n<\/div>\n<\/div>\n<\/div>\n<div id=\"cmsms_row_69d5d9b3b59d0\" class=\"cmsms_row cmsms_color_scheme_default\">\n<div class=\"cmsms_row_outer_parent\">\n<div class=\"cmsms_row_outer\">\n<div class=\"cmsms_row_inner\">\n<div class=\"cmsms_row_margin\">\n<div class=\"cmsms_column one_third\">\n\n<div id=\"cmsms_button_69d5d9b3b5b2c\" class=\"button_wrap\"><a href=\"https:\/\/www.srsp.it\/index.php\/archivio-certosa-trisulti\/\" class=\"cmsms_button cmsms-icon-th-list-outline\">LA CERTOSA DI TRISULTI<\/a><\/div>\n<\/div>\n<div class=\"cmsms_column one_third\">\n\n<div id=\"cmsms_button_69d5d9b3b5bc0\" class=\"button_wrap\"><a href=\"https:\/\/www.srsp.it\/index.php\/archivio-monastero-subiaco\/\" class=\"cmsms_button cmsms-icon-th-list-outline\">IL MONASTERO DI S. SCOLASTICA DI SUBIACO<\/a><\/div>\n<\/div>\n<div class=\"cmsms_column one_third\">\n\n<div id=\"cmsms_button_69d5d9b3b5c3a\" class=\"button_wrap\"><a href=\"https:\/\/www.srsp.it\/index.php\/archivio-cap-com-rieti\/\" class=\"cmsms_button cmsms-icon-th-list-outline\">Archivio Capitolare e Comunale di Rieti<\/a><\/div>\n<\/div>\n<\/div>\n<\/div>\n<\/div>\n<\/div>\n<\/div>\n\n","protected":false},"excerpt":{"rendered":"","protected":false},"author":1,"featured_media":0,"parent":0,"menu_order":0,"comment_status":"closed","ping_status":"closed","template":"","meta":[],"_links":{"self":[{"href":"https:\/\/www.srsp.it\/index.php\/wp-json\/wp\/v2\/pages\/2899"}],"collection":[{"href":"https:\/\/www.srsp.it\/index.php\/wp-json\/wp\/v2\/pages"}],"about":[{"href":"https:\/\/www.srsp.it\/index.php\/wp-json\/wp\/v2\/types\/page"}],"author":[{"embeddable":true,"href":"https:\/\/www.srsp.it\/index.php\/wp-json\/wp\/v2\/users\/1"}],"replies":[{"embeddable":true,"href":"https:\/\/www.srsp.it\/index.php\/wp-json\/wp\/v2\/comments?post=2899"}],"version-history":[{"count":12,"href":"https:\/\/www.srsp.it\/index.php\/wp-json\/wp\/v2\/pages\/2899\/revisions"}],"predecessor-version":[{"id":4176,"href":"https:\/\/www.srsp.it\/index.php\/wp-json\/wp\/v2\/pages\/2899\/revisions\/4176"}],"wp:attachment":[{"href":"https:\/\/www.srsp.it\/index.php\/wp-json\/wp\/v2\/media?parent=2899"}],"curies":[{"name":"wp","href":"https:\/\/api.w.org\/{rel}","templated":true}]}}