{"id":2518,"date":"2022-07-15T15:59:33","date_gmt":"2022-07-15T13:59:33","guid":{"rendered":"https:\/\/www.srsp.it\/?page_id=2518"},"modified":"2026-04-10T12:22:39","modified_gmt":"2026-04-10T10:22:39","slug":"home-2-2-2-2-2-2-2-2","status":"publish","type":"page","link":"https:\/\/www.srsp.it\/","title":{"rendered":"Home"},"content":{"rendered":"<style type=\"text\/css\"> \n#cmsms_row_69dab225eb76a .cmsms_row_outer_parent { \n\tpadding-top: 0px; \n} \n\n#cmsms_row_69dab225eb76a .cmsms_row_outer_parent { \n\tpadding-bottom: 10px; \n} \n\n \n#cmsms_heading_69dab225eb8ef, #cmsms_heading_69dab225eb8ef a { \n\tfont-size:22px; \n\ttext-align:center; \n\tfont-weight:100; \n\tfont-style:normal; \n\tmargin-top:0px; \n\tmargin-bottom:10px; \n} \n \n#cmsms_row_69dab225ec265 { \n\tbackground-color: #58061d; \n} \n\n#cmsms_row_69dab225ec265 .cmsms_row_outer_parent { \n\tpadding-top: 35px; \n} \n\n#cmsms_row_69dab225ec265 .cmsms_row_outer_parent { \n\tpadding-bottom: 1px; \n} \n\n \n#cmsms_row_69dab225ec8da { \n\tbackground-color: #58061d; \n} \n\n#cmsms_row_69dab225ec8da .cmsms_row_outer_parent { \n\tpadding-bottom: 1px; \n} \n\n \n#cmsms_row_69dab225ec9c6 { \n\tbackground-color: #58061d; \n} \n\n#cmsms_row_69dab225ec9c6 .cmsms_row_outer_parent { \n\tpadding-top: 5px; \n} \n\n#cmsms_row_69dab225ec9c6 .cmsms_row_outer_parent { \n\tpadding-bottom: 35px; \n} \n\n \n#cmsms_row_69dab225ed681 { \n\tbackground-color: #58061d; \n} \n\n#cmsms_row_69dab225ed681 .cmsms_row_outer_parent { \n\tpadding-top: 35px; \n} \n\n#cmsms_row_69dab225ed681 .cmsms_row_outer_parent { \n\tpadding-bottom: 1px; \n} \n\n \n#cmsms_row_69dab225eddc1 .cmsms_row_outer_parent { \n\tpadding-top: 0px; \n} \n\n#cmsms_row_69dab225eddc1 .cmsms_row_outer_parent { \n\tpadding-bottom: 50px; \n} \n\n \n#cmsms_row_69dab225eee5c .cmsms_row_outer_parent { \n\tpadding-top: 30px; \n} \n\n#cmsms_row_69dab225eee5c .cmsms_row_outer_parent { \n\tpadding-bottom: 50px; \n} \n\n \n#cmsms_row_69dab225ef737 { \n\tbackground-color: #58061d; \n} \n\n#cmsms_row_69dab225ef737 .cmsms_row_outer_parent { \n\tpadding-top: 35px; \n} \n\n#cmsms_row_69dab225ef737 .cmsms_row_outer_parent { \n\tpadding-bottom: 35px; \n} \n\n \n#cmsms_divider_69dab225ef880 { \n\tpadding-top:25px; \n\tmargin-bottom:25px; \n} \n \n#cmsms_row_69dab225ef8b1 { \n\tbackground-color: #58061d; \n} \n\n#cmsms_row_69dab225ef8b1 .cmsms_row_outer_parent { \n\tpadding-top: 35px; \n} \n\n#cmsms_row_69dab225ef8b1 .cmsms_row_outer_parent { \n\tpadding-bottom: 35px; \n} \n\n \n#cmsms_row_69dab225efe18 .cmsms_row_outer_parent { \n\tpadding-top: 0px; \n} \n\n#cmsms_row_69dab225efe18 .cmsms_row_outer_parent { \n\tpadding-bottom: 50px; \n} \n\n \n#cmsms_row_69dab225f03d2 .cmsms_row_outer_parent { \n\tpadding-top: 0px; \n} \n\n#cmsms_row_69dab225f03d2 .cmsms_row_outer_parent { \n\tpadding-bottom: 50px; \n} \n\n \n#cmsms_row_69dab225f0a2f .cmsms_row_outer_parent { \n\tpadding-top: 0px; \n} \n\n#cmsms_row_69dab225f0a2f .cmsms_row_outer_parent { \n\tpadding-bottom: 50px; \n} \n\n<\/style><div id=\"cmsms_row_69dab225eb76a\" class=\"cmsms_row cmsms_color_scheme_default\">\n<div class=\"cmsms_row_outer_parent\">\n<div class=\"cmsms_row_outer\">\n<div class=\"cmsms_row_inner\">\n<div class=\"cmsms_row_margin\">\n<div class=\"cmsms_column one_first\">\n<h1 id=\"cmsms_heading_69dab225eb8ef\" class=\"cmsms_heading\" data-animation=\"bounceIn\" data-delay=\"200\">Benvenuto nel sito della Societ\u00e0 Romana di Storia Patria &#8211; ETS<\/h1><div class=\"cmsms_text\">\n<p style=\"text-align: center;\"><ul id=\"\" class=\"cnss-social-icon \" style=\"text-align:center; text-align:-webkit-center; align-self:center; margin: 0 auto;\">\t<li class=\"cn-fa-facebook cn-fa-icon \" style=\"display:inline-block;\"><a class=\"cnss-facebook\" target=\"_blank\" href=\"https:\/\/www.facebook.com\/societaromana.storiapatria.1\" title=\"Facebook\" style=\"width:48px;height:48px;padding:8px 0;margin:2px;color: #ffffff;border-radius: 0%;\"><i title=\"Facebook\" style=\"font-size:32px;\" class=\"fa fa-facebook\"><\/i><\/a><\/li>\t<li class=\"cn-fa-instagram cn-fa-icon \" style=\"display:inline-block;\"><a class=\"cnss-instagram\" target=\"_blank\" href=\"https:\/\/instagram.com\/societaromanadistoriapatria?igshid=YmMyMTA2M2Y=\" title=\"Instagram\" style=\"width:48px;height:48px;padding:8px 0;margin:2px;color: #ffffff;border-radius: 0%;\"><i title=\"Instagram\" style=\"font-size:32px;\" class=\"fab fa-instagram\"><\/i><\/a><\/li>\t<li class=\"cn-fa-youtube cn-fa-icon \" style=\"display:inline-block;\"><a class=\"cnss-youtube\" target=\"_blank\" href=\"https:\/\/www.youtube.com\/@societaromanastoriapatria4827\/featured\" title=\"YouTube\" style=\"width:48px;height:48px;padding:8px 0;margin:2px;color: #ffffff;border-radius: 0%;\"><i title=\"YouTube\" style=\"font-size:32px;\" class=\"fab fa-youtube\"><\/i><\/a><\/li><\/ul>\n<\/div>\n<\/div>\n<\/div>\n<\/div>\n<\/div>\n<\/div>\n<\/div>\n<div id=\"cmsms_row_69dab225ec265\" class=\"cmsms_row cmsms_color_scheme_default\">\n<div class=\"cmsms_row_outer_parent\">\n<div class=\"cmsms_row_outer\">\n<div class=\"cmsms_row_inner\">\n<div class=\"cmsms_row_margin\">\n<div class=\"cmsms_column one_first\">\n<div class=\"cmsms_text\" data-animation=\"fadeInLeft\" data-delay=\"50\">\n<h3 style=\"text-align: center;\"><span style=\"color: #ffffff;\">A V V I S I<\/span><\/h3>\n<\/div>\n<div class=\"aligncenter\">\n<div class=\"cmsms_img  cmsms_image_c\" data-animation=\"bounceInUp\" data-delay=\"200\">\n<a href=\"https:\/\/www.srsp.it\/wp-content\/uploads\/2026\/04\/La_Fabbrica_della_Cultura_Invito.jpg\" rel=\"ilightbox\"><img src=\"https:\/\/www.srsp.it\/wp-content\/uploads\/2026\/04\/La_Fabbrica_della_Cultura_Invito.jpg\" alt=\"\" \/><\/a>\n<\/div>\n<\/div>\n<\/div>\n<\/div>\n<\/div>\n<\/div>\n<\/div>\n<\/div>\n<div id=\"cmsms_row_69dab225ec8da\" class=\"cmsms_row cmsms_color_scheme_default\">\n<div class=\"cmsms_row_outer_parent\">\n<div class=\"cmsms_row_outer\">\n<div class=\"cmsms_row_inner\">\n<div class=\"cmsms_row_margin\">\n<div class=\"cmsms_column one_first\">\n<div class=\"cmsms_text\" data-animation=\"fadeInLeft\" data-delay=\"50\">\n<hr \/>\n<\/div>\n<\/div>\n<\/div>\n<\/div>\n<\/div>\n<\/div>\n<\/div>\n<div id=\"cmsms_row_69dab225ec9c6\" class=\"cmsms_row cmsms_color_scheme_default\">\n<div class=\"cmsms_row_outer_parent\">\n<div class=\"cmsms_row_outer\">\n<div class=\"cmsms_row_inner\">\n<div class=\"cmsms_row_margin\">\n<div class=\"cmsms_column one_third\">\n<div class=\"cmsms_text\" data-animation=\"fadeInLeft\" data-delay=\"50\">\n<h3 style=\"text-align: center;\"><span style=\"color: #ffff99;\">\u00a0<\/span><\/h3>\n<h4 style=\"text-align: center;\"><\/h4>\n<\/div>\n<div class=\"aligncenter\">\n<div class=\"cmsms_img  cmsms_image_c\" data-animation=\"bounceInUp\" data-delay=\"200\">\n<a href=\"https:\/\/www.srsp.it\/index.php\/prodotto\/quotaassociativa2026\"><img src=\"https:\/\/www.srsp.it\/wp-content\/uploads\/2026\/01\/QuotaAssociativa2026.jpg\" alt=\"\" \/><\/a>\n<\/div>\n<\/div>\n<div class=\"cmsms_text\" data-animation=\"fadeInLeft\" data-delay=\"50\">\n<h3 style=\"text-align: center;\"><span style=\"color: #ffff99;\">E&#8217; POSSIBILE EFFETTUARE<br \/>\n<\/span><\/h3>\n<h3 style=\"text-align: center;\"><span style=\"color: #ffff99;\">IL PAGAMENTO ONLINE<br \/>\n<\/span><\/h3>\n<h4 style=\"text-align: center;\"><\/h4>\n<\/div>\n<\/div>\n<div class=\"cmsms_column two_third\">\n<div class=\"cmsms_text\" data-animation=\"fadeIn\" data-delay=\"250\">\n<p style=\"text-align: center;\"><span style=\"color: #ffff00;\"><span style=\"font-size: 12pt;\">Orari di apertura<\/span><\/span><\/p>\n<p style=\"text-align: justify;\"><span style=\"color: #ffffff;\"><strong>Segreteria e Consultazione Archivio storico della Societ\u00e0, Fondo archivistico Jean Coste e Fototeca Pierre Toubert<\/strong><\/span><\/p>\n<p style=\"text-align: left;\"><span style=\"color: #ffffff;\">Luned\u00ec &#8211; Marted\u00ec &#8211; Venerd\u00ec\u00a0 8:30-15:00<br \/>\nMercoled\u00ec &#8211; Gioved\u00ec\u00a0 15:00-19:00<\/span><\/p>\n<p style=\"text-align: justify;\"><span style=\"color: #ffffff;\"><strong>Consultazione patrimonio librario e archivistico<\/strong><\/span><\/p>\n<p><span style=\"color: #ffffff;\">Luned\u00ec &#8211; Marted\u00ec &#8211; Venerd\u00ec\u00a0 8:15-15:00<br \/>\nMercoled\u00ec &#8211; Gioved\u00ec\u00a0 8:15-19:15<\/span><\/p>\n<p><span style=\"color: #ffffff;\"><em>P.zza della Chiesa Nuova 18 &#8211; 00186 Roma<br \/>\nTel 06 68307513<br \/>\nMail <\/em><\/span><em><a href=\"mailto:segreteria@srsp.it\"><span style=\"color: #ffff00;\">segreteria@srsp.it<\/span><\/a><\/em><br \/>\n<em><span style=\"color: #ffffff;\">Pec<\/span> <a href=\"mailto:societaromanastoriapatria@legalmail.it\"><span style=\"color: #ffff00;\">societaromanastoriapatria@legalmail.it<\/span><\/a><\/em><\/p>\n<p align=\"center\"><a href=\"https:\/\/www.facebook.com\/societaromana.storiapatria.1\" target=\"_blank\" rel=\"noopener\"><img class=\"aligncenter\" src=\"https:\/\/www.srsp.it\/wp-content\/uploads\/2016\/04\/SuFacebook.png\" alt=\"La nostra pagina Facebook\" \/><\/a><br \/>\n<a href=\"https:\/\/www.instagram.com\/societaromanadistoriapatria\/?igshid=YmMyMTA2M2Y=\" target=\"_blank\" rel=\"noopener\"><img class=\"aligncenter\" src=\"https:\/\/www.srsp.it\/wp-content\/uploads\/2022\/06\/SuInstagram.png\" alt=\"Su Instagram\" \/><\/a><br \/>\n<a href=\"https:\/\/www.youtube.com\/@societaromanastoriapatria4827\" target=\"_blank\" rel=\"noopener\"><img class=\"aligncenter\" src=\"https:\/\/www.srsp.it\/wp-content\/uploads\/2026\/01\/SuYoutube.png\" alt=\"Il nostro canale Youtube\" \/><\/a><\/p>\n<p><strong><span style=\"color: #ffff00;\"><div class=\"post-views content-post post-2518 entry-meta load-static\">\r\n\t\t\t\t<span class=\"post-views-icon dashicons dashicons-chart-bar\"><\/span> <span class=\"post-views-label\">ACCESSI DAL 24 GIUGNO 2018 &gt;<\/span> <span class=\"post-views-count\">231.682<\/span>\r\n\t\t\t<\/div><\/span><\/strong><\/p>\n<\/div>\n<\/div>\n<\/div>\n<\/div>\n<\/div>\n<\/div>\n<\/div>\n<div id=\"cmsms_row_69dab225ed681\" class=\"cmsms_row cmsms_color_scheme_default\">\n<div class=\"cmsms_row_outer_parent\">\n<div class=\"cmsms_row_outer\">\n<div class=\"cmsms_row_inner\">\n<div class=\"cmsms_row_margin\">\n<div class=\"cmsms_column one_first\">\n<div class=\"cmsms_text\" data-animation=\"fadeInLeft\" data-delay=\"50\">\n<hr \/>\n<\/div>\n<div class=\"cmsms_text\" data-animation=\"fadeInLeft\" data-delay=\"50\">\n<h3 style=\"text-align: center;\"><span style=\"color: #ffff99;\">LE ULTIME PUBBLICAZIONI IN CATALOGO<br \/>\n<\/span><\/h3>\n<h4 style=\"text-align: center;\"><\/h4>\n<\/div>\n<div class=\"aligncenter\">\n<div class=\"cmsms_img  cmsms_image_c with_caption\" data-animation=\"bounceInUp\" data-delay=\"500\">\n<a href=\"https:\/\/www.srsp.it\/index.php\/e-commerce\/\"><img src=\"https:\/\/www.srsp.it\/wp-content\/uploads\/2026\/03\/Novita.jpg\" alt=\" Click per andare alla pagina iniziale dell\u2032E-commerce\" \/><\/a>\n<p class=\"cmsms_img_caption\">Click per andare alla pagina iniziale dell\u2032E-commerce<\/p><\/div>\n<\/div>\n<div class=\"cmsms_text\" data-animation=\"fadeInLeft\" data-delay=\"50\">\n<h3 style=\"text-align: center;\"><\/h3>\n<hr \/>\n<\/div>\n<\/div>\n<\/div>\n<\/div>\n<\/div>\n<\/div>\n<\/div>\n<div id=\"cmsms_row_69dab225eddc1\" class=\"cmsms_row cmsms_color_scheme_default\">\n<div class=\"cmsms_row_outer_parent\">\n<div class=\"cmsms_row_outer\">\n<div class=\"cmsms_row_inner\">\n<div class=\"cmsms_row_margin\">\n<div class=\"cmsms_column one_first\">\n<div class=\"cmsms_text\" data-animation=\"bounceIn\" data-delay=\"200\">\n<hr \/>\n<p style=\"text-align: center;\"><span style=\"color: #800000; font-size: 12pt;\">Iscrizione alla newsletter<\/span><\/p>\n<\/div>\n<div class=\"cmsms_contact_form\" data-animation=\"flipInX\" data-delay=\"150\"><div role=\"form\" class=\"wpcf7\" id=\"wpcf7-f719-o1\" lang=\"it-IT\" dir=\"ltr\">\n<div class=\"screen-reader-response\"><p role=\"status\" aria-live=\"polite\" aria-atomic=\"true\"><\/p> <ul><\/ul><\/div>\n<form action=\"\/index.php\/wp-json\/wp\/v2\/pages\/2518#wpcf7-f719-o1\" method=\"post\" class=\"wpcf7-form init\" novalidate=\"novalidate\" data-status=\"init\">\n<div style=\"display: none;\">\n<input type=\"hidden\" name=\"_wpcf7\" value=\"719\" \/>\n<input type=\"hidden\" name=\"_wpcf7_version\" value=\"5.6.3\" \/>\n<input type=\"hidden\" name=\"_wpcf7_locale\" value=\"it_IT\" \/>\n<input type=\"hidden\" name=\"_wpcf7_unit_tag\" value=\"wpcf7-f719-o1\" \/>\n<input type=\"hidden\" name=\"_wpcf7_container_post\" value=\"0\" \/>\n<input type=\"hidden\" name=\"_wpcf7_posted_data_hash\" value=\"\" \/>\n<\/div>\n<p>Nominativo<b>*<\/b><br \/>\n    <span class=\"wpcf7-form-control-wrap\" data-name=\"your-name\"><input type=\"text\" name=\"your-name\" value=\"\" size=\"40\" class=\"wpcf7-form-control wpcf7-text wpcf7-validates-as-required\" aria-required=\"true\" aria-invalid=\"false\" \/><\/span> <\/p>\n<p>Indirizzo email<b>*<\/b><br \/>\n    <span class=\"wpcf7-form-control-wrap\" data-name=\"your-email\"><input type=\"email\" name=\"your-email\" value=\"\" size=\"40\" class=\"wpcf7-form-control wpcf7-text wpcf7-email wpcf7-validates-as-required wpcf7-validates-as-email\" aria-required=\"true\" aria-invalid=\"false\" \/><\/span> <\/p>\n<p>\n<span class=\"wpcf7-form-control-wrap\" data-name=\"accettazione\"><span class=\"wpcf7-form-control wpcf7-acceptance\"><span class=\"wpcf7-list-item\"><input type=\"checkbox\" name=\"accettazione\" value=\"1\" aria-invalid=\"false\" checked=\"checked\" \/><\/span><\/span><\/span> Autorizzo il trattamento dei miei dati personali ai sensi dell\u2019art. 13 Dlgs 196 del 30 giugno 2003 e dell\u2019art. 13 GDPR (Regolamento UE 2016\/679)\n<\/p>\n<p><b>*<\/b>informazione richiesta  <input type=\"submit\" value=\"Iscrivimi\" class=\"wpcf7-form-control has-spinner wpcf7-submit\" \/><\/p>\n<div class=\"wpcf7-response-output\" aria-hidden=\"true\"><\/div><\/form><\/div><\/div>\n<\/div>\n<\/div>\n<\/div>\n<\/div>\n<\/div>\n<\/div>\n<div id=\"cmsms_row_69dab225eee5c\" class=\"cmsms_row cmsms_color_scheme_default\">\n<div class=\"cmsms_row_outer_parent\">\n<div class=\"cmsms_row_outer\">\n<div class=\"cmsms_row_inner\">\n<div class=\"cmsms_row_margin\">\n<div class=\"cmsms_column one_first\">\n<div class=\"aligncenter\">\n<div class=\"cmsms_img  cmsms_image_c\" data-animation=\"flipInY\" data-delay=\"150\">\n<img src=\"https:\/\/www.srsp.it\/wp-content\/uploads\/2022\/03\/SOSTIENICI-CON-UNA-DONAZIONE.jpg\" alt=\"\" \/>\n<\/div>\n<\/div>\n<table class=\"cmsms_table\" data-animation=\"fadeIn\" data-delay=\"150\"><tr><td class=\"cmsms_table_cell_aligncenter\"><a href=\"https:\/\/www.srsp.it\/index.php\/prodotto\/5euro\/\" target=\"_self\" rel=\"noopener\">Dona 5 Euro<\/a><\/td><td class=\"cmsms_table_cell_aligncenter\"><a href=\"https:\/\/www.srsp.it\/index.php\/prodotto\/10euro\/\" target=\"_self\" rel=\"noopener\">Dona 10 Euro<\/a><\/td><td class=\"cmsms_table_cell_aligncenter\"><a href=\"https:\/\/www.srsp.it\/index.php\/prodotto\/20euro\/\" target=\"_self\" rel=\"noopener\">Dona 20 Euro<\/a><\/td><\/tr><\/table>\n<\/div>\n<\/div>\n<\/div>\n<\/div>\n<\/div>\n<\/div>\n<div id=\"cmsms_row_69dab225ef737\" class=\"cmsms_row cmsms_color_scheme_default\">\n<div class=\"cmsms_row_outer_parent\">\n<div class=\"cmsms_row_outer\">\n<div class=\"cmsms_row_inner\">\n<div class=\"cmsms_row_margin\">\n<div class=\"cmsms_column one_first\">\n<div id=\"cmsms_divider_69dab225ef880\" class=\"cl\"><\/div>\n<\/div>\n<\/div>\n<\/div>\n<\/div>\n<\/div>\n<\/div>\n<div id=\"cmsms_row_69dab225ef8b1\" class=\"cmsms_row cmsms_color_scheme_default\">\n<div class=\"cmsms_row_outer_parent\">\n<div class=\"cmsms_row_outer\">\n<div class=\"cmsms_row_inner\">\n<div class=\"cmsms_row_margin\">\n<div class=\"cmsms_column one_first\" data-animation=\"bounceInUp\">\n<div class=\"aligncenter\">\n<div class=\"cmsms_img  cmsms_image_c\" data-animation=\"bounceInDown\" data-delay=\"500\">\n<a href=\"https:\/\/www.srsp.it\/index.php\/fototeca-pierre-toubert\/\"><img src=\"https:\/\/www.srsp.it\/wp-content\/uploads\/2026\/01\/FototecaToubert.jpg\" alt=\"\" \/><\/a>\n<\/div>\n<\/div>\n<div class=\"cmsms_text\" data-animation=\"fadeInLeft\" data-delay=\"50\">\n<hr \/>\n<\/div>\n<\/div>\n<\/div>\n<\/div>\n<\/div>\n<\/div>\n<\/div>\n<div id=\"cmsms_row_69dab225efe18\" class=\"cmsms_row cmsms_color_scheme_default\">\n<div class=\"cmsms_row_outer_parent\">\n<div class=\"cmsms_row_outer\">\n<div class=\"cmsms_row_inner\">\n<div class=\"cmsms_row_margin\">\n<div class=\"cmsms_column one_first\">\n<div class=\"aligncenter\">\n<div class=\"cmsms_img  cmsms_image_c\" data-animation=\"bounceInUp\" data-delay=\"800\">\n<a href=\"https:\/\/www.srsp.it\/index.php\/e-commerce\/\"><img src=\"https:\/\/www.srsp.it\/wp-content\/uploads\/2026\/01\/Basta_un_click.jpg\" alt=\"\" \/><\/a>\n<\/div>\n<\/div>\n<\/div>\n<\/div>\n<\/div>\n<\/div>\n<\/div>\n<\/div>\n<div id=\"cmsms_row_69dab225f03d2\" class=\"cmsms_row cmsms_color_scheme_default\">\n<div class=\"cmsms_row_outer_parent\">\n<div class=\"cmsms_row_outer\">\n<div class=\"cmsms_row_inner\">\n<div class=\"cmsms_row_margin\">\n<div class=\"cmsms_column one_first\">\n<div class=\"aligncenter\">\n<div class=\"cmsms_img  cmsms_image_c\" data-animation=\"fadeInLeft\" data-delay=\"500\">\n<a href=\"https:\/\/www.srsp.it\/index.php\/archivio-srsp\/\"><img src=\"https:\/\/www.srsp.it\/wp-content\/uploads\/2026\/01\/Volumi_in_rete.jpg\" alt=\"\" \/><\/a>\n<\/div>\n<\/div>\n<\/div>\n<\/div>\n<\/div>\n<\/div>\n<\/div>\n<\/div>\n<div id=\"cmsms_row_69dab225f0885\" class=\"cmsms_row cmsms_color_scheme_default\">\n<div class=\"cmsms_row_outer_parent\">\n<div class=\"cmsms_row_outer\">\n<div class=\"cmsms_row_inner\">\n<div class=\"cmsms_row_margin\">\n<div class=\"cmsms_column one_half\">\n<div class=\"cmsms_text\">\n<p style=\"text-align: center;\"><iframe loading=\"lazy\" src=\"https:\/\/www.youtube.com\/embed\/1Bq-SgXZoB4\" width=\"450\" height=\"253\" frameborder=\"0\" allowfullscreen=\"allowfullscreen\"><\/iframe>\n<\/div>\n<\/div>\n<div class=\"cmsms_column one_half\">\n<div class=\"cmsms_text\" data-animation=\"fadeInDown\" data-delay=\"150\">\n<p style=\"text-align: center;\"><iframe loading=\"lazy\" title=\"YouTube video player\" src=\"https:\/\/www.youtube.com\/embed\/C24ShhqGl4w?si=y8Kyo9huMaa4okrL\" width=\"450\" height=\"253\" frameborder=\"0\" allowfullscreen=\"allowfullscreen\"><\/iframe>\n<\/div>\n<\/div>\n<\/div>\n<\/div>\n<\/div>\n<\/div>\n<\/div>\n<div id=\"cmsms_row_69dab225f0a2f\" class=\"cmsms_row cmsms_color_scheme_default\">\n<div class=\"cmsms_row_outer_parent\">\n<div class=\"cmsms_row_outer\">\n<div class=\"cmsms_row_inner\">\n<div class=\"cmsms_row_margin\">\n<div class=\"cmsms_column one_first\">\n<div class=\"aligncenter\">\n<div class=\"cmsms_img  cmsms_image_c\">\n<img src=\"https:\/\/www.srsp.it\/wp-content\/uploads\/2016\/04\/SERCAM.jpg\" alt=\"\" \/>\n<\/div>\n<\/div>\n<\/div>\n<\/div>\n<\/div>\n<\/div>\n<\/div>\n<\/div>\n\n","protected":false},"excerpt":{"rendered":"","protected":false},"author":1,"featured_media":0,"parent":0,"menu_order":0,"comment_status":"closed","ping_status":"closed","template":"","meta":[],"_links":{"self":[{"href":"https:\/\/www.srsp.it\/index.php\/wp-json\/wp\/v2\/pages\/2518"}],"collection":[{"href":"https:\/\/www.srsp.it\/index.php\/wp-json\/wp\/v2\/pages"}],"about":[{"href":"https:\/\/www.srsp.it\/index.php\/wp-json\/wp\/v2\/types\/page"}],"author":[{"embeddable":true,"href":"https:\/\/www.srsp.it\/index.php\/wp-json\/wp\/v2\/users\/1"}],"replies":[{"embeddable":true,"href":"https:\/\/www.srsp.it\/index.php\/wp-json\/wp\/v2\/comments?post=2518"}],"version-history":[{"count":217,"href":"https:\/\/www.srsp.it\/index.php\/wp-json\/wp\/v2\/pages\/2518\/revisions"}],"predecessor-version":[{"id":4504,"href":"https:\/\/www.srsp.it\/index.php\/wp-json\/wp\/v2\/pages\/2518\/revisions\/4504"}],"wp:attachment":[{"href":"https:\/\/www.srsp.it\/index.php\/wp-json\/wp\/v2\/media?parent=2518"}],"curies":[{"name":"wp","href":"https:\/\/api.w.org\/{rel}","templated":true}]}}