{"id":104,"date":"2016-04-20T19:59:37","date_gmt":"2016-04-20T17:59:37","guid":{"rendered":"http:\/\/www.srsp.it\/?page_id=104"},"modified":"2026-02-20T16:05:31","modified_gmt":"2026-02-20T15:05:31","slug":"testi-in-rete","status":"publish","type":"page","link":"https:\/\/www.srsp.it\/index.php\/testi-in-rete\/","title":{"rendered":"Testi in rete"},"content":{"rendered":"<style type=\"text\/css\"> \n#cmsms_row_69dd449557bcb .cmsms_row_outer_parent { \n\tpadding-top: 0px; \n} \n\n#cmsms_row_69dd449557bcb .cmsms_row_outer_parent { \n\tpadding-bottom: 50px; \n} \n\n \n#cmsms_icon_list_items_69dd449557d9e.cmsms_icon_list_items .cmsms_icon_list_item:before { \n\tleft:24.5px; \n} \n#cmsms_icon_list_items_69dd449557d9e.cmsms_icon_list_type_block .cmsms_icon_list_item:before { \n\twidth:1px; \n} \n\n#cmsms_icon_list_items_69dd449557d9e .cmsms_icon_list_icon { \n\tborder-width:3px; \n\twidth:50px; \n\theight:50px; \n\t-webkit-border-radius:50%; \n\t-moz-border-radius:50%; \n\tborder-radius:50%; \n} \n\n#cmsms_icon_list_items_69dd449557d9e .cmsms_icon_list_icon:before { \n\tfont-size:25px; \n\tline-height:44px; \n} \n\n.cmsms_icon_list_items.cmsms_color_type_icon #cmsms_icon_list_item_69dd449557e53:hover .cmsms_icon_list_icon:before { \n\tcolor:inherit; \n} \n\n.cmsms_icon_list_items.cmsms_color_type_icon #cmsms_icon_list_item_69dd449557e9e:hover .cmsms_icon_list_icon:before { \n\tcolor:inherit; \n} \n\n.cmsms_icon_list_items.cmsms_color_type_icon #cmsms_icon_list_item_69dd449557ed8:hover .cmsms_icon_list_icon:before { \n\tcolor:inherit; \n} \n\n.cmsms_icon_list_items.cmsms_color_type_icon #cmsms_icon_list_item_69dd449557f0c:hover .cmsms_icon_list_icon:before { \n\tcolor:inherit; \n} \n<\/style><div id=\"cmsms_row_69dd4495579e2\" class=\"cmsms_row cmsms_color_scheme_default\">\n<div class=\"cmsms_row_outer_parent\">\n<div class=\"cmsms_row_outer\">\n<div class=\"cmsms_row_inner\">\n<div class=\"cmsms_row_margin\">\n<div class=\"cmsms_column one_first\">\n<div class=\"cmsms_text\" data-animation=\"fadeIn\">\n<p><span style=\"color: #ff0000; font-size: 12pt;\">Attenzione&#8230;<br \/>\nCi sono <strong>tutti i\u00a0numeri<\/strong> dell&#8217;Archivio della Societ\u00e0 romana di storia patria <strong>prelevabili<\/strong> nella <a title=\"Clicca qui per andare all'Archivio\" href=\"https:\/\/www.srsp.it\/index.php\/archivio-vol-srsp\/\">sezione Archivio SRSP<\/a> <\/span><\/p>\n<p><span style=\"font-size: 12pt;\"><span style=\"color: #800000;\">Protocolli di notai romani del Trecento nelle trascrizioni inedite di RENZO MOSTI<\/span><br \/>\n<\/span><\/p>\n<p><span style=\"font-size: 10pt;\">Renzo Mosti, curatore di numerose edizioni critiche di protocolli notarili tiburtini e ro\u00admani dei secoli XIV e XV, oltre che autore di svariati saggi storici, quando ci ha la\u00adsciati, il 29 marzo 1997, stava lavorando all\u2019edizione di alcuni protocolli dei no\u00adtai romani del secolo XIV. La sorella Rosanna, con grande sensibilit\u00e0 e prodigalit\u00e0, ha deciso di non mandare disperso tanto importante lavoro e ha proceduto con dispendio di tempo e di energie alla digitazione su supporto magnetico delle trascrizioni lasciate manoscritte dal fratello per poi metterle a disposizione degli studiosi. La Societ\u00e0 romana di storia patria ha accolto con interesse ed entusiasmo l\u2019invito di diffondere tali materiali e, dopo un\u2019attenta valutazione globale di essi, ha optato per una loro diffusione attraverso il proprio sito web.<\/span><\/p>\n<p><span style=\"font-size: 10pt;\">Al momento della sua scomparsa, Mosti non aveva ancora predisposto il materiale per le stampe e il lavoro, per quanto gi\u00e0 in stato molto avanzato, necessitava ancora di controlli e aggiustamenti. Dunque, le trascrizioni proposte agli studiosi in questa sede e in questa forma non possono considerarsi perfette e in nessun modo si \u00e8 cercato di renderle tali; si \u00e8 preferito piuttosto diffonderle cos\u00ec come lo studioso le ha lasciate, limitandosi esclusivamente a una loro \u201csistematizzazione editoriale\u201d per renderne pi\u00f9 agevole la lettura.<\/span><\/p>\n<p><span style=\"font-size: 10pt;\">Per tal motivo gli studiosi che consulteranno queste trascrizioni potranno imbattersi in talune incongruenze e, forse, in qualche imprecisione: a loro si chiede, non solo, come \u00e8 ovvio, di essere benevoli nei confronti di chi non ha potuto portare a termine il proprio lavoro, ma di voler comunicare alla Societ\u00e0 romana di storia patria eventuali correzioni da apportare ai testi lasciati da Mosti.<\/span><\/p>\n<p><span style=\"font-size: 10pt;\">Non meno forte \u00e8, ovviamente, la raccomandazione per un uso corretto dei testi, nel rispetto della memoria di Renzo Mosti, che tanto avrebbe voluto veder pubblicato il suo lavoro di editore.<\/span><\/p>\n<p style=\"text-align: right;\"><span style=\"font-size: 12pt;\">MARCO VENDITTELLI<\/span><\/p>\n<p>Trascrizioni al momento consultabili:<\/p>\n<\/div>\n<\/div>\n<\/div>\n<\/div>\n<\/div>\n<\/div>\n<\/div>\n<div id=\"cmsms_row_69dd449557bcb\" class=\"cmsms_row cmsms_color_scheme_default\">\n<div class=\"cmsms_row_outer_parent\">\n<div class=\"cmsms_row_outer\">\n<div class=\"cmsms_row_inner\">\n<div class=\"cmsms_row_margin\">\n<div class=\"cmsms_column one_first\">\n \n<ul id=\"cmsms_icon_list_items_69dd449557d9e\" class=\"cmsms_icon_list_items cmsms_icon_list_type_block cmsms_icon_list_pos_left cmsms_color_type_icon\" data-animation=\"fadeIn\" data-delay=\"0\"><li id=\"cmsms_icon_list_item_69dd449557e53\" class=\"cmsms_icon_list_item\">\n<div class=\"cmsms_icon_list_item_inner\">\n<div class=\"cmsms_icon_list_icon_wrap\">\n<span class=\"cmsms_icon_list_icon cmsms-icon-book-3\"><\/span>\n<\/div>\n<div class=\"cmsms_icon_list_item_content\">\n<h4 class=\"cmsms_icon_list_item_title\">Paulus Serromani (1348-1355)<\/h4>\n<div class=\"cmsms_icon_list_item_text\">\n<p>Roma, Archivio Capitolino, Notai, Sezione I, vol. 649\/1-3bis<br \/>\n<a href=\"http:\/\/www.srsp.it\/documents\/Lellus Pauli de Serromanis (1387-1398).pdf\" target=\"_blank\" rel=\"noopener\">Preleva il documento in formato PDF<\/a> (circa 800 Kb)<\/p>\n<\/div>\n<\/div>\n<\/div>\n<\/li><li id=\"cmsms_icon_list_item_69dd449557e9e\" class=\"cmsms_icon_list_item\">\n<div class=\"cmsms_icon_list_item_inner\">\n<div class=\"cmsms_icon_list_icon_wrap\">\n<span class=\"cmsms_icon_list_icon cmsms-icon-book-3\"><\/span>\n<\/div>\n<div class=\"cmsms_icon_list_item_content\">\n<h4 class=\"cmsms_icon_list_item_title\">Marinus Petri Mil\u00e7onis (1357)<\/h4>\n<div class=\"cmsms_icon_list_item_text\">\n<p>Roma, Archivio di Stato, Collegio dei notai Capitolini, vol. 1236, ff. 254r- 323v<br \/>\n<a href=\"http:\/\/www.srsp.it\/documents\/Marinus Petri Mil\u00e7onis (1357).pdf\" target=\"_blank\" rel=\"noopener\">Preleva il documento in formato PDF<\/a> (circa 400 Kb)<\/p>\n<\/div>\n<\/div>\n<\/div>\n<\/li><li id=\"cmsms_icon_list_item_69dd449557ed8\" class=\"cmsms_icon_list_item\">\n<div class=\"cmsms_icon_list_item_inner\">\n<div class=\"cmsms_icon_list_icon_wrap\">\n<span class=\"cmsms_icon_list_icon cmsms-icon-book-3\"><\/span>\n<\/div>\n<div class=\"cmsms_icon_list_item_content\">\n<h4 class=\"cmsms_icon_list_item_title\">Paulus de Serromanis (1359-1387)<\/h4>\n<div class=\"cmsms_icon_list_item_text\">\n<p>ASC, Notai, Sezione I, voll. 649\/4-14 e 650<br \/>\n<a href=\"http:\/\/www.srsp.it\/documents\/Paulus de Serromanis (1359-1387).pdf\" target=\"_blank\" rel=\"noopener\">Preleva il documento in formato PDF<\/a> (circa 3.7 Mb)<\/p>\n<\/div>\n<\/div>\n<\/div>\n<\/li><li id=\"cmsms_icon_list_item_69dd449557f0c\" class=\"cmsms_icon_list_item\">\n<div class=\"cmsms_icon_list_item_inner\">\n<div class=\"cmsms_icon_list_icon_wrap\">\n<span class=\"cmsms_icon_list_icon cmsms-icon-book-3\"><\/span>\n<\/div>\n<div class=\"cmsms_icon_list_item_content\">\n<h4 class=\"cmsms_icon_list_item_title\">Lellus Pauli de Serromanis (1387-1398)<\/h4>\n<div class=\"cmsms_icon_list_item_text\">\n<p>Roma, Archivio Capitolino, Notai, Sezione I, voll. 763\/1- 5 [vol. 6 (1427)]<br \/>\n<a href=\"http:\/\/www.srsp.it\/documents\/Paulus Serromani (1348-1355).pdf\" target=\"_blank\" rel=\"noopener\">Preleva il documento in formato PDF<\/a> (circa 900 Kb)<\/p>\n<\/div>\n<\/div>\n<\/div>\n<\/li><\/ul>\n<\/div>\n<\/div>\n<\/div>\n<\/div>\n<\/div>\n<\/div>\n\n","protected":false},"excerpt":{"rendered":"","protected":false},"author":1,"featured_media":0,"parent":0,"menu_order":0,"comment_status":"closed","ping_status":"closed","template":"","meta":[],"_links":{"self":[{"href":"https:\/\/www.srsp.it\/index.php\/wp-json\/wp\/v2\/pages\/104"}],"collection":[{"href":"https:\/\/www.srsp.it\/index.php\/wp-json\/wp\/v2\/pages"}],"about":[{"href":"https:\/\/www.srsp.it\/index.php\/wp-json\/wp\/v2\/types\/page"}],"author":[{"embeddable":true,"href":"https:\/\/www.srsp.it\/index.php\/wp-json\/wp\/v2\/users\/1"}],"replies":[{"embeddable":true,"href":"https:\/\/www.srsp.it\/index.php\/wp-json\/wp\/v2\/comments?post=104"}],"version-history":[{"count":25,"href":"https:\/\/www.srsp.it\/index.php\/wp-json\/wp\/v2\/pages\/104\/revisions"}],"predecessor-version":[{"id":4378,"href":"https:\/\/www.srsp.it\/index.php\/wp-json\/wp\/v2\/pages\/104\/revisions\/4378"}],"wp:attachment":[{"href":"https:\/\/www.srsp.it\/index.php\/wp-json\/wp\/v2\/media?parent=104"}],"curies":[{"name":"wp","href":"https:\/\/api.w.org\/{rel}","templated":true}]}}